{"id":8332,"date":"2015-02-13T11:06:00","date_gmt":"2015-02-13T10:06:00","guid":{"rendered":"https:\/\/kastela.hr\/en\/gradsko-vijece\/13-sjednica-gradskog-vijeca-grada-kastela\/"},"modified":"2024-11-28T15:12:19","modified_gmt":"2024-11-28T14:12:19","slug":"13-sjednica-gradskog-vijeca-grada-kastela","status":"publish","type":"gradsko-vijece","link":"https:\/\/kastela.hr\/en\/gradsko-vijece\/mandatno-razdoblje-2013-2017\/13-sjednica-gradskog-vijeca-grada-kastela\/","title":{"rendered":"13. Sjednica Gradskog vije\u0107a Grada Ka\u0161tela"},"content":{"rendered":"<p><b>&nbsp; &nbsp; &nbsp; &nbsp; REPUBLIKA HRVATSKA<\/b><br \/>\n<b>SPLITSKO-DALMATINSKA \u017dUPANIJA<\/b><br \/>\n<b>&nbsp; &nbsp; &nbsp; &nbsp; &nbsp; &nbsp; &nbsp; &nbsp; &nbsp;GRAD KA\u0160TELA<\/b><br \/>\n<b>&nbsp; &nbsp; &nbsp; &nbsp; &nbsp; &nbsp;G R A D S K O&nbsp; V I J E \u0106E<\/b><\/p>\n<p>KLASA: 021-05\/15-01\/0009<br \/>\nURBROJ: 2134\/01-01\/3-15-1<br \/>\nKa\u0161tel Su\u0107urac, 6. velja\u010de 2015. g.<\/p>\n<p>Na temelju \u010dlanka 74. stavak 1. Poslovnika&nbsp; Gradskog vije\u0107a Grada Ka\u0161tela (&ldquo;Slu\u017ebeni&nbsp;glasnik Grada Ka\u0161tela&rdquo;, broj 9\/09, 7\/10, 6\/13 i 13\/14) sazivam&nbsp;<b>&nbsp;<\/b><\/p>\n<p align=\"center\"><b>13. sjednicu Gradskog vije\u0107a Grada Ka\u0161tela<\/b><br \/>\n<b>&nbsp; &nbsp; &nbsp; za dan 13. velja\u010de (petak) 2015. g.&nbsp; u 12,00 sati u Gradskoj vije\u0107nici<\/b><b>&nbsp; &nbsp; &nbsp; &nbsp; &nbsp; &nbsp; &nbsp; &nbsp; &nbsp; &nbsp; &nbsp; &nbsp;<\/b><\/p>\n<p><b>&nbsp;<\/b>Za sjednicu predla\u017eem sljede\u0107i<\/p>\n<p style=\"text-align: center;\"><b>D n e v n i&nbsp;&nbsp;&nbsp; r e d<\/b><b>&nbsp;<\/b><\/p>\n<p>1. Usvajanje Zapisnika sa 12. sjednice Gradskog vije\u0107a<br \/>\n2.&nbsp;Izvje\u0161\u0107e o stanju u prostoru Grada Ka\u0161tela 2009. &ndash; 2013. g.- prostor GK<br \/>\nIzvjestitelj: predstavnik izra\u0111iva\u010da &ndash; GISplan d.o.o.<br \/>\n3. Vije\u0107ni\u010dka pitanja i prijedlozi<br \/>\n4.&nbsp;Prijedlog odluke&nbsp;o izmjeni Odluke o socijalnoj skrbi&nbsp; Grada Ka\u0161tela<br \/>\n5.&nbsp;Prijedlog analize stanja sustava za\u0161tite i spa\u0161avanja na podru\u010dju Grada Ka\u0161tela za 2014. godinu<br \/>\n6.&nbsp;Prijedlog&nbsp;Smjernica za organizaciju i razvoj sustava za\u0161tite i spa\u0161avanja na podru\u010dju Grada Ka\u0161tela za&nbsp; 2015. godinu<br \/>\nIzvjestiteljica t.4. &ndash; t.6.: Sandra Zoki\u0107, pro\u010delnica Upravnog odjela za dru\u0161tvene djelatnosti i op\u0107e&nbsp;poslove<br \/>\n7. Prijedlog odluke o odabiru najpovoljnijih ponuditelja i davanja koncesija za obavljanje javne&nbsp;usluge pra\u017enjenja i odvoza otpadnih voda iz septi\u010dkih i sabirnih na podru\u010dju Grada Ka\u0161tela<br \/>\n8.&nbsp;Prijedlog odluke o ukidanju statusa javnog dobra u op\u0107oj uporabi na \u010dest. zem. 1294 k.o. Ka\u0161tel&nbsp;Gomilica<br \/>\n9.&nbsp;Prijedlog odluke o kupovini dijela \u010dest. zem. 1048 k.o. Ka\u0161tel Novi<br \/>\nIzvjestitelj t.7. &ndash; t.9. : Antonio Bartulovi\u0107, privremeni pro\u010delnik Upravnog odjela za komunalno&nbsp;gospodarstvo i imovinsko &ndash; pravne poslove<br \/>\n10.&nbsp;Prijedlozi&nbsp;odluka o dodjeli javnih priznanja za 2014. godinu<br \/>\n&ndash;&nbsp;Odluka o dodjeli Nagrade za \u017eivotno djelo<br \/>\n11.<b>&nbsp;<\/b>Prijedlog odluke o visini nov\u010dane nagrade dobitnicima javnih priznanja za 2014. godinu<br \/>\nIzvjestitelj t.10. i t.11.: Denis Ivanovi\u0107, presjednik Komisije za dodjelu javnih priznanja<br \/>\n12.&nbsp;Prijedlog&nbsp;rje\u0161enja o izmjenama&nbsp; i dopunama Rje\u0161enja o odre\u0111ivanju imena ulica i trgova na podru\u010dju naselja Ka\u0161tel&nbsp; Su\u0107urac<br \/>\n13.&nbsp;Prijedlog&nbsp;rje\u0161enja o izmjenama&nbsp; i dopunama Rje\u0161enja o odre\u0111ivanju imena ulica i trgova na podru\u010dju naselja Ka\u0161tel Gomilica<br \/>\n14.&nbsp;Prijedlog&nbsp;rje\u0161enja o izmjenama i dopunama Rje\u0161enja o odre\u0111ivanju imena ulica i trgova na podru\u010dju naselja Ka\u0161tel Kambelovac<br \/>\n15.&nbsp;Prijedlog&nbsp;rje\u0161enja o izmjenama&nbsp; i dopunama Rje\u0161enja o odre\u0111ivanju imena ulica i trgova na podru\u010dju&nbsp;naselja Ka\u0161tel Luk\u0161i\u0107<br \/>\n16.&nbsp;Prijedlog&nbsp;rje\u0161enja o izmjenama i dopunama&nbsp; Rje\u0161enja o odre\u0111ivanju imena ulica i trgova&nbsp; na podru\u010dju&nbsp;naselja Ka\u0161tel Stari<br \/>\n17.&nbsp;Prijedlog&nbsp;rje\u0161enja o izmjenama i dopunama Rje\u0161enja o odre\u0111ivanju imena ulica i trgova na podru\u010dju&nbsp;naselja Ka\u0161tel Novi<br \/>\n18.&nbsp;Prijedlog&nbsp;rje\u0161enja o izmjenama i dopunama Rje\u0161enja o odre\u0111ivanju imena ulica i trgova na podru\u010dju&nbsp;naselja Ka\u0161tel \u0160tafili\u0107<br \/>\n19.&nbsp;Prijedlog odluke o odre\u0111ivanju imena \u0161portskoj dvorani u Ka\u0161tel Su\u0107urcu<br \/>\nIzvjestitelj t. 12. &ndash; t.19.: Bo\u0161ko D\u017eoli\u0107, predsjednik&nbsp; Komisije za imena ulica i trgova i za&nbsp; spomenike<br \/>\n20.&nbsp;Prijedlog&nbsp;Zaklju\u010dka s 2. tematske sjednice sjednica<br \/>\nIzvjestitelj: Zoran Bonacin, zamjenik gradona\u010delnika<\/p>\n<p>Predsjednik Gradskog vije\u0107a<\/p>\n<p>Denis Ivanovi\u0107, dipl. ing. v. r.<\/p>\n<p>&nbsp;<\/p>\n","protected":false},"featured_media":0,"template":"","meta":{"_acf_changed":true},"kategorija-gradskog-vijeca":[62,59],"class_list":["post-8332","gradsko-vijece","type-gradsko-vijece","status-publish","hentry","kategorija-gradskog-vijeca-mandatno-razdoblje-2013-2017","kategorija-gradskog-vijeca-sjednice-gradskog-vijeca"],"acf":[],"_links":{"self":[{"href":"https:\/\/kastela.hr\/en\/wp-json\/wp\/v2\/gradsko-vijece\/8332","targetHints":{"allow":["GET"]}}],"collection":[{"href":"https:\/\/kastela.hr\/en\/wp-json\/wp\/v2\/gradsko-vijece"}],"about":[{"href":"https:\/\/kastela.hr\/en\/wp-json\/wp\/v2\/types\/gradsko-vijece"}],"wp:attachment":[{"href":"https:\/\/kastela.hr\/en\/wp-json\/wp\/v2\/media?parent=8332"}],"wp:term":[{"taxonomy":"kategorija-gradskog-vijeca","embeddable":true,"href":"https:\/\/kastela.hr\/en\/wp-json\/wp\/v2\/kategorija-gradskog-vijeca?post=8332"}],"curies":[{"name":"wp","href":"https:\/\/api.w.org\/{rel}","templated":true}]}}

13. Sjednica Gradskog vijeća Grada Kaštela

<p><b>&nbsp; &nbsp; &nbsp; &nbsp; REPUBLIKA HRVATSKA</b><br />
<b>SPLITSKO-DALMATINSKA ŽUPANIJA</b><br />
<b>&nbsp; &nbsp; &nbsp; &nbsp; &nbsp; &nbsp; &nbsp; &nbsp; &nbsp;GRAD KAŠTELA</b><br />
<b>&nbsp; &nbsp; &nbsp; &nbsp; &nbsp; &nbsp;G R A D S K O&nbsp; V I J E ĆE</b></p>
<p>KLASA: 021-05/15-01/0009<br />
URBROJ: 2134/01-01/3-15-1<br />
Kaštel Sućurac, 6. veljače 2015. g.</p>
<p>Na temelju članka 74. stavak 1. Poslovnika&nbsp; Gradskog vijeća Grada Kaštela (&ldquo;Službeni&nbsp;glasnik Grada Kaštela&rdquo;, broj 9/09, 7/10, 6/13 i 13/14) sazivam&nbsp;<b>&nbsp;</b></p>
<p align="center"><b>13. sjednicu Gradskog vijeća Grada Kaštela</b><br />
<b>&nbsp; &nbsp; &nbsp; za dan 13. veljače (petak) 2015. g.&nbsp; u 12,00 sati u Gradskoj vijećnici</b><b>&nbsp; &nbsp; &nbsp; &nbsp; &nbsp; &nbsp; &nbsp; &nbsp; &nbsp; &nbsp; &nbsp; &nbsp;</b></p>
<p><b>&nbsp;</b>Za sjednicu predlažem sljedeći</p>
<p style="text-align: center;"><b>D n e v n i&nbsp;&nbsp;&nbsp; r e d</b><b>&nbsp;</b></p>
<p>1. Usvajanje Zapisnika sa 12. sjednice Gradskog vijeća<br />
2.&nbsp;Izvješće o stanju u prostoru Grada Kaštela 2009. &ndash; 2013. g.- prostor GK<br />
Izvjestitelj: predstavnik izrađivača &ndash; GISplan d.o.o.<br />
3. Vijećnička pitanja i prijedlozi<br />
4.&nbsp;Prijedlog odluke&nbsp;o izmjeni Odluke o socijalnoj skrbi&nbsp; Grada Kaštela<br />
5.&nbsp;Prijedlog analize stanja sustava zaštite i spašavanja na području Grada Kaštela za 2014. godinu<br />
6.&nbsp;Prijedlog&nbsp;Smjernica za organizaciju i razvoj sustava zaštite i spašavanja na području Grada Kaštela za&nbsp; 2015. godinu<br />
Izvjestiteljica t.4. &ndash; t.6.: Sandra Zokić, pročelnica Upravnog odjela za društvene djelatnosti i opće&nbsp;poslove<br />
7. Prijedlog odluke o odabiru najpovoljnijih ponuditelja i davanja koncesija za obavljanje javne&nbsp;usluge pražnjenja i odvoza otpadnih voda iz septičkih i sabirnih na području Grada Kaštela<br />
8.&nbsp;Prijedlog odluke o ukidanju statusa javnog dobra u općoj uporabi na čest. zem. 1294 k.o. Kaštel&nbsp;Gomilica<br />
9.&nbsp;Prijedlog odluke o kupovini dijela čest. zem. 1048 k.o. Kaštel Novi<br />
Izvjestitelj t.7. &ndash; t.9. : Antonio Bartulović, privremeni pročelnik Upravnog odjela za komunalno&nbsp;gospodarstvo i imovinsko &ndash; pravne poslove<br />
10.&nbsp;Prijedlozi&nbsp;odluka o dodjeli javnih priznanja za 2014. godinu<br />
&ndash;&nbsp;Odluka o dodjeli Nagrade za životno djelo<br />
11.<b>&nbsp;</b>Prijedlog odluke o visini novčane nagrade dobitnicima javnih priznanja za 2014. godinu<br />
Izvjestitelj t.10. i t.11.: Denis Ivanović, presjednik Komisije za dodjelu javnih priznanja<br />
12.&nbsp;Prijedlog&nbsp;rješenja o izmjenama&nbsp; i dopunama Rješenja o određivanju imena ulica i trgova na području naselja Kaštel&nbsp; Sućurac<br />
13.&nbsp;Prijedlog&nbsp;rješenja o izmjenama&nbsp; i dopunama Rješenja o određivanju imena ulica i trgova na području naselja Kaštel Gomilica<br />
14.&nbsp;Prijedlog&nbsp;rješenja o izmjenama i dopunama Rješenja o određivanju imena ulica i trgova na području naselja Kaštel Kambelovac<br />
15.&nbsp;Prijedlog&nbsp;rješenja o izmjenama&nbsp; i dopunama Rješenja o određivanju imena ulica i trgova na području&nbsp;naselja Kaštel Lukšić<br />
16.&nbsp;Prijedlog&nbsp;rješenja o izmjenama i dopunama&nbsp; Rješenja o određivanju imena ulica i trgova&nbsp; na području&nbsp;naselja Kaštel Stari<br />
17.&nbsp;Prijedlog&nbsp;rješenja o izmjenama i dopunama Rješenja o određivanju imena ulica i trgova na području&nbsp;naselja Kaštel Novi<br />
18.&nbsp;Prijedlog&nbsp;rješenja o izmjenama i dopunama Rješenja o određivanju imena ulica i trgova na području&nbsp;naselja Kaštel Štafilić<br />
19.&nbsp;Prijedlog odluke o određivanju imena športskoj dvorani u Kaštel Sućurcu<br />
Izvjestitelj t. 12. &ndash; t.19.: Boško Džolić, predsjednik&nbsp; Komisije za imena ulica i trgova i za&nbsp; spomenike<br />
20.&nbsp;Prijedlog&nbsp;Zaključka s 2. tematske sjednice sjednica<br />
Izvjestitelj: Zoran Bonacin, zamjenik gradonačelnika</p>
<p>Predsjednik Gradskog vijeća</p>
<p>Denis Ivanović, dipl. ing. v. r.</p>
<p>&nbsp;</p>
