{"id":8330,"date":"2014-11-21T11:15:00","date_gmt":"2014-11-21T10:15:00","guid":{"rendered":"https:\/\/kastela.hr\/en\/gradsko-vijece\/2-tematska-sjednica-gradskog-vijeca-grada-kastela\/"},"modified":"2024-08-28T18:47:55","modified_gmt":"2024-08-28T16:47:55","slug":"2-tematska-sjednica-gradskog-vijeca-grada-kastela","status":"publish","type":"gradsko-vijece","link":"https:\/\/kastela.hr\/en\/gradsko-vijece\/mandatno-razdoblje-2013-2017\/2-tematska-sjednica-gradskog-vijeca-grada-kastela\/","title":{"rendered":"2. Tematska Sjednica Gradskog vije\u0107a Grada Ka\u0161tela"},"content":{"rendered":"<p><b>&nbsp; &nbsp; &nbsp; &nbsp; &nbsp; REPUBLIKA HRVATSKA<\/b><br \/>\n<b>SPLITSKO-DALMATINSKA \u017dUPANIJA<\/b><br \/>\n<b>&nbsp; &nbsp; &nbsp; &nbsp; &nbsp; &nbsp; &nbsp; &nbsp; &nbsp;GRAD KA\u0160TELA<\/b><br \/>\n<b>&nbsp; &nbsp; &nbsp; &nbsp; &nbsp; &nbsp;G R A D S K O&nbsp; V I J E \u0106E<\/b><\/p>\n<p>KLASA: 021-05\/14-01\/0007<br \/>\nURBROJ: 2134\/01-01\/3-14-1<br \/>\nK. Su\u0107urac, 14. studenoga 2014. g.<\/p>\n<p>Na temelju \u010dlanka 75.&nbsp; Poslovnika&nbsp; Gradskog vije\u0107a Grada Ka\u0161tela (&ldquo;Slu\u017ebeni glasnik Grada Ka\u0161tela&rdquo;, broj 9\/09, 7\/10, 6\/13 i 10\/14) sazivam<b>&nbsp;<\/b><\/p>\n<p>&nbsp;<\/p>\n<p align=\"center\"><b>2. TEMATSKU SJEDNICU GRADSKOG VIJE\u0106A GRADA KA\u0160TELA<\/b><\/p>\n<p align=\"center\">&nbsp; &nbsp; &nbsp;&nbsp;<b>Tema: <i>&ldquo;Privo\u0111enje cjelovite lokacije biv\u0161e tvornice&rdquo;Jugovinil&rdquo; prihvatljivoj gospodarskoj namjeni na dobrobit gra\u0111ana Grada Ka\u0161tela<\/i><\/b><b><i>&ldquo;<\/i><\/b><b>&nbsp;<\/b><\/p>\n<p><b>&nbsp; &nbsp; &nbsp; &nbsp; &nbsp;za dan 21. studenoga 2014. g. (petak) u 9,00&nbsp; sati u Gradskoj vije\u0107nici<\/b><b>&nbsp; &nbsp; &nbsp; &nbsp; &nbsp; &nbsp; &nbsp; &nbsp; &nbsp; &nbsp;&nbsp;<\/b><br \/>\nZa sjednicu predla\u017eem sljede\u0107i&nbsp; &nbsp; &nbsp; &nbsp; &nbsp; &nbsp; &nbsp; &nbsp; &nbsp; &nbsp; &nbsp; &nbsp; &nbsp; &nbsp; &nbsp; &nbsp; &nbsp; &nbsp; &nbsp;&nbsp;<b>&nbsp; &nbsp; &nbsp; &nbsp; &nbsp;<\/b><\/p>\n<p><b>&nbsp; &nbsp; &nbsp; &nbsp; &nbsp; &nbsp; &nbsp; &nbsp; &nbsp; &nbsp; &nbsp; &nbsp; &nbsp; &nbsp; &nbsp; &nbsp; &nbsp; &nbsp; &nbsp; &nbsp; &nbsp; &nbsp; &nbsp; &nbsp; &nbsp; &nbsp; &nbsp; &nbsp; &nbsp; &nbsp; D n e v n i&nbsp;&nbsp;&nbsp; r e d<\/b><\/p>\n<p>1. Izvje\u0161\u0107e Povjerenstva za pra\u0107enje stanja okoli\u0161a Grada Ka\u0161tela<\/p>\n<p>2. Prezentacija programa sanacije lokacije&nbsp; biv\u0161e tvornice &ldquo;Jugovinil&rdquo;<\/p>\n<p>&nbsp;<\/p>\n<p>Predsjednik Gradskog vije\u0107a<br \/>\nDenis Ivanovi\u0107, dipl. ing., v. r.<\/p>\n<p>&nbsp;<\/p>\n<p>&nbsp;<\/p>\n","protected":false},"featured_media":0,"template":"","meta":{"_acf_changed":false},"kategorija-gradskog-vijeca":[62,59],"class_list":["post-8330","gradsko-vijece","type-gradsko-vijece","status-publish","hentry","kategorija-gradskog-vijeca-mandatno-razdoblje-2013-2017","kategorija-gradskog-vijeca-sjednice-gradskog-vijeca"],"acf":[],"_links":{"self":[{"href":"https:\/\/kastela.hr\/en\/wp-json\/wp\/v2\/gradsko-vijece\/8330","targetHints":{"allow":["GET"]}}],"collection":[{"href":"https:\/\/kastela.hr\/en\/wp-json\/wp\/v2\/gradsko-vijece"}],"about":[{"href":"https:\/\/kastela.hr\/en\/wp-json\/wp\/v2\/types\/gradsko-vijece"}],"wp:attachment":[{"href":"https:\/\/kastela.hr\/en\/wp-json\/wp\/v2\/media?parent=8330"}],"wp:term":[{"taxonomy":"kategorija-gradskog-vijeca","embeddable":true,"href":"https:\/\/kastela.hr\/en\/wp-json\/wp\/v2\/kategorija-gradskog-vijeca?post=8330"}],"curies":[{"name":"wp","href":"https:\/\/api.w.org\/{rel}","templated":true}]}}

2. Tematska Sjednica Gradskog vijeća Grada Kaštela

<p><b>&nbsp; &nbsp; &nbsp; &nbsp; &nbsp; REPUBLIKA HRVATSKA</b><br />
<b>SPLITSKO-DALMATINSKA ŽUPANIJA</b><br />
<b>&nbsp; &nbsp; &nbsp; &nbsp; &nbsp; &nbsp; &nbsp; &nbsp; &nbsp;GRAD KAŠTELA</b><br />
<b>&nbsp; &nbsp; &nbsp; &nbsp; &nbsp; &nbsp;G R A D S K O&nbsp; V I J E ĆE</b></p>
<p>KLASA: 021-05/14-01/0007<br />
URBROJ: 2134/01-01/3-14-1<br />
K. Sućurac, 14. studenoga 2014. g.</p>
<p>Na temelju članka 75.&nbsp; Poslovnika&nbsp; Gradskog vijeća Grada Kaštela (&ldquo;Službeni glasnik Grada Kaštela&rdquo;, broj 9/09, 7/10, 6/13 i 10/14) sazivam<b>&nbsp;</b></p>
<p>&nbsp;</p>
<p align="center"><b>2. TEMATSKU SJEDNICU GRADSKOG VIJEĆA GRADA KAŠTELA</b></p>
<p align="center">&nbsp; &nbsp; &nbsp;&nbsp;<b>Tema: <i>&ldquo;Privođenje cjelovite lokacije bivše tvornice&rdquo;Jugovinil&rdquo; prihvatljivoj gospodarskoj namjeni na dobrobit građana Grada Kaštela</i></b><b><i>&ldquo;</i></b><b>&nbsp;</b></p>
<p><b>&nbsp; &nbsp; &nbsp; &nbsp; &nbsp;za dan 21. studenoga 2014. g. (petak) u 9,00&nbsp; sati u Gradskoj vijećnici</b><b>&nbsp; &nbsp; &nbsp; &nbsp; &nbsp; &nbsp; &nbsp; &nbsp; &nbsp; &nbsp;&nbsp;</b><br />
Za sjednicu predlažem sljedeći&nbsp; &nbsp; &nbsp; &nbsp; &nbsp; &nbsp; &nbsp; &nbsp; &nbsp; &nbsp; &nbsp; &nbsp; &nbsp; &nbsp; &nbsp; &nbsp; &nbsp; &nbsp; &nbsp;&nbsp;<b>&nbsp; &nbsp; &nbsp; &nbsp; &nbsp;</b></p>
<p><b>&nbsp; &nbsp; &nbsp; &nbsp; &nbsp; &nbsp; &nbsp; &nbsp; &nbsp; &nbsp; &nbsp; &nbsp; &nbsp; &nbsp; &nbsp; &nbsp; &nbsp; &nbsp; &nbsp; &nbsp; &nbsp; &nbsp; &nbsp; &nbsp; &nbsp; &nbsp; &nbsp; &nbsp; &nbsp; &nbsp; D n e v n i&nbsp;&nbsp;&nbsp; r e d</b></p>
<p>1. Izvješće Povjerenstva za praćenje stanja okoliša Grada Kaštela</p>
<p>2. Prezentacija programa sanacije lokacije&nbsp; bivše tvornice &ldquo;Jugovinil&rdquo;</p>
<p>&nbsp;</p>
<p>Predsjednik Gradskog vijeća<br />
Denis Ivanović, dipl. ing., v. r.</p>
<p>&nbsp;</p>
<p>&nbsp;</p>
