{"id":8324,"date":"2014-02-13T11:43:00","date_gmt":"2014-02-13T10:43:00","guid":{"rendered":"https:\/\/kastela.hr\/en\/gradsko-vijece\/7-sjednica-gradskog-vijeca-grada-kastela-2\/"},"modified":"2024-11-28T15:24:45","modified_gmt":"2024-11-28T14:24:45","slug":"7-sjednica-gradskog-vijeca-grada-kastela-2","status":"publish","type":"gradsko-vijece","link":"https:\/\/kastela.hr\/en\/gradsko-vijece\/mandatno-razdoblje-2013-2017\/7-sjednica-gradskog-vijeca-grada-kastela-2\/","title":{"rendered":"7. Sjednica Gradskog vije\u0107a Grada Ka\u0161tela"},"content":{"rendered":"<p>REPUBLIKA HRVATSKA<br \/>\nSPLITSKO-DALMATINSKA \u017dUPANIJA<br \/>\n<strong>GRAD KA\u0160TELA<\/strong><br \/>\n<strong>G R A D S K O&nbsp; V I J E \u0106E<\/strong><\/p>\n<p>&nbsp;<\/p>\n<p><em>KLASA: 021-05\/14-01\/0001<\/em><br \/>\n<em>URBROJ: 2134\/01-01\/3-13-1<\/em><br \/>\n<em>K. Su\u0107urac, 7. velja\u010de 2014. g.<\/em><\/p>\n<p>Na temelju \u010dlanka 74. stavak 1. Poslovnika Gradskog vije\u0107a Grada Ka\u0161tela (&ldquo;Slu\u017ebeni glasnik Grada Ka\u0161tela&rdquo;, broj 9\/09, 7\/10 i 6\/13) sazivam 7. sjednicu Gradskog vije\u0107a Grada Ka\u0161tela za dan 13. velja\u010de (\u010detvrtak) 2014. g. u 15,00 sati u Gradskoj vije\u0107nici.&nbsp; Za sjednicu predla\u017eem sljede\u0107i;<\/p>\n<p><strong>D n e v n i&nbsp;&nbsp;&nbsp;&nbsp; r e d<\/strong><\/p>\n<p>1. Izvje\u0161\u0107e Mandatne komisije<\/p>\n<p>2. Usvajanje Zapisnika sa 5. i 6. sjednice Gradskog vije\u0107a<\/p>\n<p>3. Vije\u0107ni\u010dka pitanja i prijedlozi<\/p>\n<p>4. Prijedlog odluke o izmjenama i dopunama Odluke o socijalnoj skrbi<br \/>\n&ndash;&nbsp; Zaklju\u010dak<br \/>\n&ndash;&nbsp; Prijedlog Odluke o izmjenama i dopunama Odluke o socijalnoj skrbi<\/p>\n<p>5. Prijedlog odluke o sufinanciranju javnog prijevoza za gra\u0111ane<br \/>\n&ndash; Zaklju\u010dak<br \/>\n&ndash; Prijedlog Odluke o sufinanciranju javnog prijevoza za gra\u0111ane<\/p>\n<p>6. Prijedlog odluke o kori\u0161tenju prostora u vlasni\u0161tvu Grada Ka\u0161tela<br \/>\n&ndash; Zaklju\u010dak<br \/>\n&ndash; Prijedlog Odluke o kori\u0161tenju prostora u vlasni\u0161tvu Grada Ka\u0161tela<\/p>\n<p>7. Prijedlog odluke o radnom vremenu ugostiteljskih objekata na podru\u010dju Grada Ka\u0161tela<br \/>\n&ndash; Zaklu\u010dak<br \/>\n&ndash; Prijedlog Odluke o radnom vremenu ugostiteljskih objekata<\/p>\n<p>8. Prijedlog odluke o izboru \u010dlanova vije\u0107a mjesnih odbora na podru\u010dju Grada Ka\u0161tela<br \/>\n&ndash; Zaklju\u010dak<br \/>\n&ndash; Prijedlog Odluke<\/p>\n<p>9. Izvje\u0161\u0107e i Prijedlozi Komisije za dodjelu javnih priznanja za 2013. godinu<br \/>\n&ndash; Zaklju\u010dak i prijedlog Odluke<br \/>\n&ndash; Izvje\u0161\u0107e Komisije za dodjelu javnih priznanja<br \/>\n<a href=\"http:\/\/www.kastela.hr\/wp-content\/uploads\/2014\/02\/Odluke-o-dodjeli-nagrada-Grada-Kastela.pdf\" target=\"_blank\" rel=\"noopener\">&ndash; <\/a>Prijedlozi odluka o dodjeli nagrada Grada Kastela<\/p>\n<p>10. Prijedlog odluke o visini nov\u010dane nagrade za dodijeljeno javno priznanje<br \/>\n&ndash; Zaklju\u010dak i prijedlog Odluke<\/p>\n<p>11. Prijedlog odluke o naknadama \u010dlanova Gradskog vije\u0107a Grada Ka\u0161tela i \u010dlanova radnih tijela Gradskog vije\u0107a<\/p>\n<p>Predsjednik Gradskog vije\u0107a<br \/>\n<em><strong>Denis Ivanovi\u0107, dipl. ing. v. r.<\/strong><\/em><\/p>\n<p><strong><em>Napomena:<\/em><\/strong><br \/>\n&ndash; materijali za to\u010d.1. i 11. dostavit \u0107e se prije po\u010detka sjednice.<\/p>\n<p>&nbsp;<\/p>\n<p>&nbsp;<\/p>\n","protected":false},"featured_media":0,"template":"","meta":{"_acf_changed":true},"kategorija-gradskog-vijeca":[62,59],"class_list":["post-8324","gradsko-vijece","type-gradsko-vijece","status-publish","hentry","kategorija-gradskog-vijeca-mandatno-razdoblje-2013-2017","kategorija-gradskog-vijeca-sjednice-gradskog-vijeca"],"acf":[],"_links":{"self":[{"href":"https:\/\/kastela.hr\/en\/wp-json\/wp\/v2\/gradsko-vijece\/8324","targetHints":{"allow":["GET"]}}],"collection":[{"href":"https:\/\/kastela.hr\/en\/wp-json\/wp\/v2\/gradsko-vijece"}],"about":[{"href":"https:\/\/kastela.hr\/en\/wp-json\/wp\/v2\/types\/gradsko-vijece"}],"wp:attachment":[{"href":"https:\/\/kastela.hr\/en\/wp-json\/wp\/v2\/media?parent=8324"}],"wp:term":[{"taxonomy":"kategorija-gradskog-vijeca","embeddable":true,"href":"https:\/\/kastela.hr\/en\/wp-json\/wp\/v2\/kategorija-gradskog-vijeca?post=8324"}],"curies":[{"name":"wp","href":"https:\/\/api.w.org\/{rel}","templated":true}]}}

7. Sjednica Gradskog vijeća Grada Kaštela

<p>REPUBLIKA HRVATSKA<br />
SPLITSKO-DALMATINSKA ŽUPANIJA<br />
<strong>GRAD KAŠTELA</strong><br />
<strong>G R A D S K O&nbsp; V I J E ĆE</strong></p>
<p>&nbsp;</p>
<p><em>KLASA: 021-05/14-01/0001</em><br />
<em>URBROJ: 2134/01-01/3-13-1</em><br />
<em>K. Sućurac, 7. veljače 2014. g.</em></p>
<p>Na temelju članka 74. stavak 1. Poslovnika Gradskog vijeća Grada Kaštela (&ldquo;Službeni glasnik Grada Kaštela&rdquo;, broj 9/09, 7/10 i 6/13) sazivam 7. sjednicu Gradskog vijeća Grada Kaštela za dan 13. veljače (četvrtak) 2014. g. u 15,00 sati u Gradskoj vijećnici.&nbsp; Za sjednicu predlažem sljedeći;</p>
<p><strong>D n e v n i&nbsp;&nbsp;&nbsp;&nbsp; r e d</strong></p>
<p>1. Izvješće Mandatne komisije</p>
<p>2. Usvajanje Zapisnika sa 5. i 6. sjednice Gradskog vijeća</p>
<p>3. Vijećnička pitanja i prijedlozi</p>
<p>4. Prijedlog odluke o izmjenama i dopunama Odluke o socijalnoj skrbi<br />
&ndash;&nbsp; Zaključak<br />
&ndash;&nbsp; Prijedlog Odluke o izmjenama i dopunama Odluke o socijalnoj skrbi</p>
<p>5. Prijedlog odluke o sufinanciranju javnog prijevoza za građane<br />
&ndash; Zaključak<br />
&ndash; Prijedlog Odluke o sufinanciranju javnog prijevoza za građane</p>
<p>6. Prijedlog odluke o korištenju prostora u vlasništvu Grada Kaštela<br />
&ndash; Zaključak<br />
&ndash; Prijedlog Odluke o korištenju prostora u vlasništvu Grada Kaštela</p>
<p>7. Prijedlog odluke o radnom vremenu ugostiteljskih objekata na području Grada Kaštela<br />
&ndash; Zaklučak<br />
&ndash; Prijedlog Odluke o radnom vremenu ugostiteljskih objekata</p>
<p>8. Prijedlog odluke o izboru članova vijeća mjesnih odbora na području Grada Kaštela<br />
&ndash; Zaključak<br />
&ndash; Prijedlog Odluke</p>
<p>9. Izvješće i Prijedlozi Komisije za dodjelu javnih priznanja za 2013. godinu<br />
&ndash; Zaključak i prijedlog Odluke<br />
&ndash; Izvješće Komisije za dodjelu javnih priznanja<br />
<a href="http://www.kastela.hr/wp-content/uploads/2014/02/Odluke-o-dodjeli-nagrada-Grada-Kastela.pdf" target="_blank" rel="noopener">&ndash; </a>Prijedlozi odluka o dodjeli nagrada Grada Kastela</p>
<p>10. Prijedlog odluke o visini novčane nagrade za dodijeljeno javno priznanje<br />
&ndash; Zaključak i prijedlog Odluke</p>
<p>11. Prijedlog odluke o naknadama članova Gradskog vijeća Grada Kaštela i članova radnih tijela Gradskog vijeća</p>
<p>Predsjednik Gradskog vijeća<br />
<em><strong>Denis Ivanović, dipl. ing. v. r.</strong></em></p>
<p><strong><em>Napomena:</em></strong><br />
&ndash; materijali za toč.1. i 11. dostavit će se prije početka sjednice.</p>
<p>&nbsp;</p>
<p>&nbsp;</p>
