{"id":8323,"date":"2013-12-20T11:46:00","date_gmt":"2013-12-20T10:46:00","guid":{"rendered":"https:\/\/kastela.hr\/en\/gradsko-vijece\/6-sjednica-gradskog-vijeca\/"},"modified":"2024-11-28T15:26:23","modified_gmt":"2024-11-28T14:26:23","slug":"6-sjednica-gradskog-vijeca","status":"publish","type":"gradsko-vijece","link":"https:\/\/kastela.hr\/en\/gradsko-vijece\/mandatno-razdoblje-2013-2017\/6-sjednica-gradskog-vijeca\/","title":{"rendered":"6. Sjednica Gradskog vije\u0107a"},"content":{"rendered":"<p>REPUBLIKA HRVATSKA<br \/>\nSPLITSKO-DALMATINSKA \u017dUPANIJA<br \/>\nGRAD KA\u0160TELA<br \/>\nG R A D S K O&nbsp;&nbsp;&nbsp; V I J E \u0106E<\/p>\n<p>KLASA: 021-05\/13-01\/0012<br \/>\nURBROJ: 2134\/01-01\/3-13-1<br \/>\nK.Su\u0107urac, 13. prosinca 2013. g.<\/p>\n<p>Na temelju \u010dlanka 74. stavak 1. Poslovnika Gradskog vije\u0107a Grada Ka\u0161tela (&ldquo;Slu\u017ebeni glasnik Grada Ka\u0161tela&rdquo;, broj 9\/09, 7\/10 i 6\/13) sazivam<\/p>\n<p>6. sjednicu Gradskog vije\u0107a Grada Ka\u0161tela za dan 20. prosinca (petak) 2013. g. u 12, 30 sati u Gradskoj vije\u0107nici.&nbsp; Za sjednicu predla\u017eem sljede\u0107i:<\/p>\n<p style=\"text-align: center;\"><strong>&nbsp;D n e v n i&nbsp;&nbsp;&nbsp;&nbsp; r e d<\/strong><\/p>\n<p>1. Vije\u0107ni\u010dka pitanja i prijedlozi<\/p>\n<p>2. Analiza stanja sustava za\u0161tite i spa\u0161avanja na podru\u010dju Grada Ka\u0161tela za 2013. godinu<\/p>\n<p>3. Prijedlog Smjernica za organizaciju i razvoj sustava za\u0161tite i spa\u0161avanja na podru\u010dju Grada Ka\u0161tela za 2014. godinu<\/p>\n<p>4. Prijedlog izmjena i dopuna Programa gradnje objekata i ure\u0111aja komunalne infrastrukture u Gradu Ka\u0161tela za 2013. g.<\/p>\n<p>5. Prijedlog izmjena i dopuna Odluke o ure\u0111enju prometa na podru\u010dju Grada Ka\u0161tela<\/p>\n<p>6. Prijedlog Programa javnih potreba u socijalnoj skrbi i zdravstvenoj za\u0161titi Grada Ka\u0161tela za 2014. godinu<\/p>\n<p>7. Prijedlog Programa javnih potreba u tehni\u010dkoj kulturi Grada Ka\u0161tela za 2014. g.<\/p>\n<p>8. Prijedlog Programa javnih potreba u pred\u0161kolskom odgoju Grada Ka\u0161tela za 2014. godinu<\/p>\n<p>9. Program javnih potreba u kulturi Grada Ka\u0161tela za 2014. godinu<\/p>\n<p>10. Program javnih potreba u sportu Grada Ka\u0161tela za 2014. godinu<\/p>\n<p>11. Prijedlog Programa gradnje objekata i ure\u0111aja komunalne infrastrukture u Gradu Ka\u0161tela za 2014. godinu.<\/p>\n<p>12. Prijedlog Programa odr\u017eavanja komunalne infrastrukture u Gradu Ka\u0161tela za 2014. godinu<\/p>\n<p>13. Prijedlog Odluke o raspore\u0111ivanju sredstava za financiranje politi\u010dkih stranaka i \u010dlanova izabranih s liste grupe bira\u010da za 2014. godinu<\/p>\n<p>14. Prijedlog Prora\u010duna Grada Ka\u0161tela za 2014. godinu i projekcije za 2015. i 2016. godinu<\/p>\n<p>15. Prijedlog odluke o izvr\u0161avanju Prora\u010duna Grada Ka\u0161tela za 2014. godinu<\/p>\n<p>16. Prijedlog odluke o sustavu glavne knjige riznice Grada Ka\u0161tela te na\u010dinu vo\u0111enja jedinstvenog ra\u010duna riznice<\/p>\n<p>17. Prijedlog Zaklju\u010dka o davanju suglasnosti na Odluku o izmjeni Odluke o dodjeli prostora na kori\u0161tenje bez naknade<\/p>\n<p>18. Prijedlog odluke o utvr\u0111ivanju prijedloga kandidata za suce porotnike \u017dupanijskog suda u Splitu<\/p>\n<p>19. Prijedlog odluke o utvr\u0111ivanju prijedloga kandidata za suce porotnike za mlade\u017e \u017dupanijskog suda u Splitu<\/p>\n<p><em>(Napomena: materijali za to\u010d. 18. i 19. dostavit \u0107e se prije po\u010detka sjednice. )<\/em><\/p>\n<p><strong>Predsjednik Gradskog vije\u0107a<\/strong><br \/>\n<strong>Denis Ivanovi\u0107, dipl. ing. v. r.<\/strong><\/p>\n<p>&nbsp;<\/p>\n","protected":false},"featured_media":0,"template":"","meta":{"_acf_changed":true},"kategorija-gradskog-vijeca":[62,59],"class_list":["post-8323","gradsko-vijece","type-gradsko-vijece","status-publish","hentry","kategorija-gradskog-vijeca-mandatno-razdoblje-2013-2017","kategorija-gradskog-vijeca-sjednice-gradskog-vijeca"],"acf":[],"_links":{"self":[{"href":"https:\/\/kastela.hr\/en\/wp-json\/wp\/v2\/gradsko-vijece\/8323","targetHints":{"allow":["GET"]}}],"collection":[{"href":"https:\/\/kastela.hr\/en\/wp-json\/wp\/v2\/gradsko-vijece"}],"about":[{"href":"https:\/\/kastela.hr\/en\/wp-json\/wp\/v2\/types\/gradsko-vijece"}],"wp:attachment":[{"href":"https:\/\/kastela.hr\/en\/wp-json\/wp\/v2\/media?parent=8323"}],"wp:term":[{"taxonomy":"kategorija-gradskog-vijeca","embeddable":true,"href":"https:\/\/kastela.hr\/en\/wp-json\/wp\/v2\/kategorija-gradskog-vijeca?post=8323"}],"curies":[{"name":"wp","href":"https:\/\/api.w.org\/{rel}","templated":true}]}}

6. Sjednica Gradskog vijeća

<p>REPUBLIKA HRVATSKA<br />
SPLITSKO-DALMATINSKA ŽUPANIJA<br />
GRAD KAŠTELA<br />
G R A D S K O&nbsp;&nbsp;&nbsp; V I J E ĆE</p>
<p>KLASA: 021-05/13-01/0012<br />
URBROJ: 2134/01-01/3-13-1<br />
K.Sućurac, 13. prosinca 2013. g.</p>
<p>Na temelju članka 74. stavak 1. Poslovnika Gradskog vijeća Grada Kaštela (&ldquo;Službeni glasnik Grada Kaštela&rdquo;, broj 9/09, 7/10 i 6/13) sazivam</p>
<p>6. sjednicu Gradskog vijeća Grada Kaštela za dan 20. prosinca (petak) 2013. g. u 12, 30 sati u Gradskoj vijećnici.&nbsp; Za sjednicu predlažem sljedeći:</p>
<p style="text-align: center;"><strong>&nbsp;D n e v n i&nbsp;&nbsp;&nbsp;&nbsp; r e d</strong></p>
<p>1. Vijećnička pitanja i prijedlozi</p>
<p>2. Analiza stanja sustava zaštite i spašavanja na području Grada Kaštela za 2013. godinu</p>
<p>3. Prijedlog Smjernica za organizaciju i razvoj sustava zaštite i spašavanja na području Grada Kaštela za 2014. godinu</p>
<p>4. Prijedlog izmjena i dopuna Programa gradnje objekata i uređaja komunalne infrastrukture u Gradu Kaštela za 2013. g.</p>
<p>5. Prijedlog izmjena i dopuna Odluke o uređenju prometa na području Grada Kaštela</p>
<p>6. Prijedlog Programa javnih potreba u socijalnoj skrbi i zdravstvenoj zaštiti Grada Kaštela za 2014. godinu</p>
<p>7. Prijedlog Programa javnih potreba u tehničkoj kulturi Grada Kaštela za 2014. g.</p>
<p>8. Prijedlog Programa javnih potreba u predškolskom odgoju Grada Kaštela za 2014. godinu</p>
<p>9. Program javnih potreba u kulturi Grada Kaštela za 2014. godinu</p>
<p>10. Program javnih potreba u sportu Grada Kaštela za 2014. godinu</p>
<p>11. Prijedlog Programa gradnje objekata i uređaja komunalne infrastrukture u Gradu Kaštela za 2014. godinu.</p>
<p>12. Prijedlog Programa održavanja komunalne infrastrukture u Gradu Kaštela za 2014. godinu</p>
<p>13. Prijedlog Odluke o raspoređivanju sredstava za financiranje političkih stranaka i članova izabranih s liste grupe birača za 2014. godinu</p>
<p>14. Prijedlog Proračuna Grada Kaštela za 2014. godinu i projekcije za 2015. i 2016. godinu</p>
<p>15. Prijedlog odluke o izvršavanju Proračuna Grada Kaštela za 2014. godinu</p>
<p>16. Prijedlog odluke o sustavu glavne knjige riznice Grada Kaštela te načinu vođenja jedinstvenog računa riznice</p>
<p>17. Prijedlog Zaključka o davanju suglasnosti na Odluku o izmjeni Odluke o dodjeli prostora na korištenje bez naknade</p>
<p>18. Prijedlog odluke o utvrđivanju prijedloga kandidata za suce porotnike Županijskog suda u Splitu</p>
<p>19. Prijedlog odluke o utvrđivanju prijedloga kandidata za suce porotnike za mladež Županijskog suda u Splitu</p>
<p><em>(Napomena: materijali za toč. 18. i 19. dostavit će se prije početka sjednice. )</em></p>
<p><strong>Predsjednik Gradskog vijeća</strong><br />
<strong>Denis Ivanović, dipl. ing. v. r.</strong></p>
<p>&nbsp;</p>
