{"id":8322,"date":"2013-12-02T11:51:00","date_gmt":"2013-12-02T10:51:00","guid":{"rendered":"https:\/\/kastela.hr\/en\/gradsko-vijece\/5-sjednica-gradskog-vijeca\/"},"modified":"2024-08-28T18:47:55","modified_gmt":"2024-08-28T16:47:55","slug":"5-sjednica-gradskog-vijeca","status":"publish","type":"gradsko-vijece","link":"https:\/\/kastela.hr\/en\/gradsko-vijece\/mandatno-razdoblje-2013-2017\/5-sjednica-gradskog-vijeca\/","title":{"rendered":"5. Sjednica Gradskog vije\u0107a"},"content":{"rendered":"<p>REPUBLIKA HRVATSKA<br \/>\nSPLITSKO-DALMATINSKA \u017dUPANIJA<br \/>\nGRAD KA\u0160TELA<br \/>\nGRADSKO VIJE\u0106E<\/p>\n<p>KLASA: 021-05\/13-01\/0011<br \/>\nURBROJ:2134\/01-01\/3-13-1<br \/>\nK. Su\u0107urac, 27. studenoga 2013. g.<\/p>\n<p>Na temelju \u010dlanka 74. stavak 1. Poslovnika Gradskog vije\u0107a Grada Ka\u0161tela (&ldquo;Slu\u017ebeni glasnik Grada Ka\u0161tela&rdquo;, broj 9\/09, 7\/10 i 6\/13) sazivam 5. sjednicu Gradskog vije\u0107a Grada Ka\u0161tela za dan <strong>2. prosinca (ponedjeljak) 2013. g. u 14,00 sati u Gradskoj vije\u0107nici<\/strong>. Za sjednicu predla\u017eem sljede\u0107i<\/p>\n<p style=\"text-align: center;\"><strong>D n e v n i &nbsp;&nbsp; r e d<\/strong><\/p>\n<p>1. Usvajanje Zapisnika sa 3. i 4. sjednice Gradskog vije\u0107a<br \/>\n2. Prijedlog odluke o dono\u0161enju Urbanisti\u010dkog plana ure\u0111enja radne zone Ka\u0161tel Luk\u0161i\u0107<br \/>\n(UPU br. 27)<br \/>\n3. Vije\u0107ni\u010dka pitanja i prijedlozi<br \/>\n4. Izvje\u0161\u0107e o obavljenoj financijskoj reviziji Grada Ka\u0161tela za 2012. godinu<br \/>\n5. Prijedlog drugih Izmjena i dopuna Prora\u010duna Grada Ka\u0161tela za 2013. g. sa projekcijama za 2014. i 2015. g. i Planom razvojnih programa<br \/>\n6. Prijedlog Plana mre\u017ee dje\u010djih vrti\u0107a na podru\u010dju Grada Ka\u0161tela za pedago\u0161ku godinu 2013\/2014.<br \/>\n7. Prijedlog odluke o jednokratnoj nov\u010danoj pomo\u0107i za roditelje poginulih branitelja Domovinskog rata povodom Bo\u017ei\u0107a<br \/>\n8. Prijedlog odluke o jednokratnoj nov\u010danoj pomo\u0107i za umirovljenike povodom Bo\u017ei\u0107a<br \/>\n9. Prijedlog odluke o izmjeni odluke o sufinanciranju javnog prijevoza za gra\u0111ane<br \/>\n10.&nbsp;Prijedlog odluke o sudjelovanju u osnivanju lokalne akcijske grupe &ldquo;Kamen i more&rdquo;<br \/>\n11. Prijedlog odluke o izmjeni Odluke o osnivanju vlastitog komunalnog trgova\u010dkog dru\u0161tva Zeleno i modro&rdquo; d.o.o.<br \/>\n12.&nbsp;Prijedlog odluke o dopuni Odluke o osnivanju Vlastitog pogona za obavljanje komunalnih djelatnosti u Gradu Ka\u0161tela<br \/>\n13. Prijedlog odluke o odre\u0111ivanju predstavnika Grada Ka\u0161tela u Povjerenstvu za dodjelu zakupa na poljoprivrednom zemlji\u0161tu u vlasni\u0161tvu Republike Hrvatske<br \/>\n14. Prijedlog Rje\u0161enja o imenovanju \u010dlanova Povjerenstva za ravnopravnost spolova<br \/>\n15. Prijedlog Rje\u0161enja o razrje\u0161enju \u010dlanice Savjeta mladih Grada Ka\u0161tela<br \/>\n16.Prijedlog zaklju\u010dka o stavljanju izvan snage Odluka o imenovanju \u010dlana\/ice koji vr\u0161e funkciju skup\u0161tine komunalnog trgova\u010dkog dru\u0161tva &ldquo;Zeleno i modro&rdquo; d.o.o.<br \/>\n17. Prijedlog odluke o koeficijentima za obra\u010dun pla\u0107e slu\u017ebenika i namje\u0161tenika<br \/>\n18. Prijedlog zaklju\u010dka o davanju suglasnosti na Odluke o dodjeli prostora:<br \/>\na) Krnjevalskoj pu\u010dkoj udrugi &ldquo;Kampanel&rdquo;<br \/>\nb) Udrugi navija\u010da Hajduka &ldquo;Torcida Su\u0107urac&rdquo;<br \/>\nc)Udrugi za njegovanje kulturne ba\u0161tine &ldquo;Gu\u0161t&rdquo;<\/p>\n<p><em><strong>Predsjednik Gradskog vije\u0107a<\/strong><\/em><br \/>\n<em><strong>Denis Ivanovi\u0107, dipl. ing. v. r.<\/strong><\/em><\/p>\n<p><em><strong>Napomena<\/strong>: Materijali za to\u010d. 13.-15. dostavit \u0107e se prije po\u010detka sjednice<\/em>.<\/p>\n<p>&nbsp;<\/p>\n","protected":false},"featured_media":0,"template":"","meta":{"_acf_changed":false},"kategorija-gradskog-vijeca":[62,59],"class_list":["post-8322","gradsko-vijece","type-gradsko-vijece","status-publish","hentry","kategorija-gradskog-vijeca-mandatno-razdoblje-2013-2017","kategorija-gradskog-vijeca-sjednice-gradskog-vijeca"],"acf":[],"_links":{"self":[{"href":"https:\/\/kastela.hr\/en\/wp-json\/wp\/v2\/gradsko-vijece\/8322","targetHints":{"allow":["GET"]}}],"collection":[{"href":"https:\/\/kastela.hr\/en\/wp-json\/wp\/v2\/gradsko-vijece"}],"about":[{"href":"https:\/\/kastela.hr\/en\/wp-json\/wp\/v2\/types\/gradsko-vijece"}],"wp:attachment":[{"href":"https:\/\/kastela.hr\/en\/wp-json\/wp\/v2\/media?parent=8322"}],"wp:term":[{"taxonomy":"kategorija-gradskog-vijeca","embeddable":true,"href":"https:\/\/kastela.hr\/en\/wp-json\/wp\/v2\/kategorija-gradskog-vijeca?post=8322"}],"curies":[{"name":"wp","href":"https:\/\/api.w.org\/{rel}","templated":true}]}}

5. Sjednica Gradskog vijeća

<p>REPUBLIKA HRVATSKA<br />
SPLITSKO-DALMATINSKA ŽUPANIJA<br />
GRAD KAŠTELA<br />
GRADSKO VIJEĆE</p>
<p>KLASA: 021-05/13-01/0011<br />
URBROJ:2134/01-01/3-13-1<br />
K. Sućurac, 27. studenoga 2013. g.</p>
<p>Na temelju članka 74. stavak 1. Poslovnika Gradskog vijeća Grada Kaštela (&ldquo;Službeni glasnik Grada Kaštela&rdquo;, broj 9/09, 7/10 i 6/13) sazivam 5. sjednicu Gradskog vijeća Grada Kaštela za dan <strong>2. prosinca (ponedjeljak) 2013. g. u 14,00 sati u Gradskoj vijećnici</strong>. Za sjednicu predlažem sljedeći</p>
<p style="text-align: center;"><strong>D n e v n i &nbsp;&nbsp; r e d</strong></p>
<p>1. Usvajanje Zapisnika sa 3. i 4. sjednice Gradskog vijeća<br />
2. Prijedlog odluke o donošenju Urbanističkog plana uređenja radne zone Kaštel Lukšić<br />
(UPU br. 27)<br />
3. Vijećnička pitanja i prijedlozi<br />
4. Izvješće o obavljenoj financijskoj reviziji Grada Kaštela za 2012. godinu<br />
5. Prijedlog drugih Izmjena i dopuna Proračuna Grada Kaštela za 2013. g. sa projekcijama za 2014. i 2015. g. i Planom razvojnih programa<br />
6. Prijedlog Plana mreže dječjih vrtića na području Grada Kaštela za pedagošku godinu 2013/2014.<br />
7. Prijedlog odluke o jednokratnoj novčanoj pomoći za roditelje poginulih branitelja Domovinskog rata povodom Božića<br />
8. Prijedlog odluke o jednokratnoj novčanoj pomoći za umirovljenike povodom Božića<br />
9. Prijedlog odluke o izmjeni odluke o sufinanciranju javnog prijevoza za građane<br />
10.&nbsp;Prijedlog odluke o sudjelovanju u osnivanju lokalne akcijske grupe &ldquo;Kamen i more&rdquo;<br />
11. Prijedlog odluke o izmjeni Odluke o osnivanju vlastitog komunalnog trgovačkog društva Zeleno i modro&rdquo; d.o.o.<br />
12.&nbsp;Prijedlog odluke o dopuni Odluke o osnivanju Vlastitog pogona za obavljanje komunalnih djelatnosti u Gradu Kaštela<br />
13. Prijedlog odluke o određivanju predstavnika Grada Kaštela u Povjerenstvu za dodjelu zakupa na poljoprivrednom zemljištu u vlasništvu Republike Hrvatske<br />
14. Prijedlog Rješenja o imenovanju članova Povjerenstva za ravnopravnost spolova<br />
15. Prijedlog Rješenja o razrješenju članice Savjeta mladih Grada Kaštela<br />
16.Prijedlog zaključka o stavljanju izvan snage Odluka o imenovanju člana/ice koji vrše funkciju skupštine komunalnog trgovačkog društva &ldquo;Zeleno i modro&rdquo; d.o.o.<br />
17. Prijedlog odluke o koeficijentima za obračun plaće službenika i namještenika<br />
18. Prijedlog zaključka o davanju suglasnosti na Odluke o dodjeli prostora:<br />
a) Krnjevalskoj pučkoj udrugi &ldquo;Kampanel&rdquo;<br />
b) Udrugi navijača Hajduka &ldquo;Torcida Sućurac&rdquo;<br />
c)Udrugi za njegovanje kulturne baštine &ldquo;Gušt&rdquo;</p>
<p><em><strong>Predsjednik Gradskog vijeća</strong></em><br />
<em><strong>Denis Ivanović, dipl. ing. v. r.</strong></em></p>
<p><em><strong>Napomena</strong>: Materijali za toč. 13.-15. dostavit će se prije početka sjednice</em>.</p>
<p>&nbsp;</p>
