{"id":8321,"date":"2013-10-18T09:53:00","date_gmt":"2013-10-18T07:53:00","guid":{"rendered":"https:\/\/kastela.hr\/en\/gradsko-vijece\/4-sjednica-gradskog-vijeca-2\/"},"modified":"2024-11-28T15:29:16","modified_gmt":"2024-11-28T14:29:16","slug":"4-sjednica-gradskog-vijeca-2","status":"publish","type":"gradsko-vijece","link":"https:\/\/kastela.hr\/en\/gradsko-vijece\/mandatno-razdoblje-2013-2017\/4-sjednica-gradskog-vijeca-2\/","title":{"rendered":"4. Sjednica Gradskog vije\u0107a"},"content":{"rendered":"<p>REPUBLIKA HRVATSKA<br \/>\nSPLITSKO-DALMATINSKA \u017dUPANIJA<br \/>\nGRAD KA\u0160TELA<br \/>\nGRADSKO VIJE\u0106E<\/p>\n<p>KLASA: 021-05\/13-01\/0010<br \/>\nURBROJ:2134\/01-01\/3-13-1<br \/>\nK. Su\u0107urac, 11. listopada 2013. g.<\/p>\n<p>Na temelju \u010dlanka 74. stavak 1. Poslovnika Gradskog vije\u0107a Grada Ka\u0161tela (&ldquo;Slu\u017ebeni glasnik Grada Ka\u0161tela&rdquo;, broj 9\/09, 7\/10 i 6\/13) sazivam<\/p>\n<p style=\"text-align: center;\"><strong>4. sjednicu Gradskog vije\u0107a Grada Ka\u0161tela<\/strong><\/p>\n<p>za dan<strong> 18. listopada (petak) 2013. g. u 13,00 sati<\/strong> u Gradskoj vije\u0107nici<\/p>\n<p>Za sjednicu predla\u017eem slijede\u0107i<\/p>\n<p>D n e v n i r e d<\/p>\n<p>1. Vije\u0107ni\u010dka pitanja i prijedlozi<\/p>\n<p>2. Prijedlog Odluke o kori\u0161tenju prava prvokupa kulturnog dobra, \u010dest.zgr.321 z.u.307 k.o.Ka\u0161tel stari, u naravi vinski podrum<\/p>\n<p>3. Prijedlog prvih izmjena i dopuna Prora\u010duna Grada Ka\u0161tela za 2013.g. sa projekcijama za 2014. i 2015.g. i Planom razvojnih programa<\/p>\n<p>4. Prijedlog Odluke o dopuni Odluke o organizaciji parkiranja<\/p>\n<p>&nbsp;<\/p>\n<p>Predsjednik Gradskog vije\u0107a<br \/>\nDenis Ivanovi\u0107, dipl. ing. v. r.<\/p>\n","protected":false},"featured_media":0,"template":"","meta":{"_acf_changed":true},"kategorija-gradskog-vijeca":[62,59],"class_list":["post-8321","gradsko-vijece","type-gradsko-vijece","status-publish","hentry","kategorija-gradskog-vijeca-mandatno-razdoblje-2013-2017","kategorija-gradskog-vijeca-sjednice-gradskog-vijeca"],"acf":[],"_links":{"self":[{"href":"https:\/\/kastela.hr\/en\/wp-json\/wp\/v2\/gradsko-vijece\/8321","targetHints":{"allow":["GET"]}}],"collection":[{"href":"https:\/\/kastela.hr\/en\/wp-json\/wp\/v2\/gradsko-vijece"}],"about":[{"href":"https:\/\/kastela.hr\/en\/wp-json\/wp\/v2\/types\/gradsko-vijece"}],"wp:attachment":[{"href":"https:\/\/kastela.hr\/en\/wp-json\/wp\/v2\/media?parent=8321"}],"wp:term":[{"taxonomy":"kategorija-gradskog-vijeca","embeddable":true,"href":"https:\/\/kastela.hr\/en\/wp-json\/wp\/v2\/kategorija-gradskog-vijeca?post=8321"}],"curies":[{"name":"wp","href":"https:\/\/api.w.org\/{rel}","templated":true}]}}

4. Sjednica Gradskog vijeća

<p>REPUBLIKA HRVATSKA<br />
SPLITSKO-DALMATINSKA ŽUPANIJA<br />
GRAD KAŠTELA<br />
GRADSKO VIJEĆE</p>
<p>KLASA: 021-05/13-01/0010<br />
URBROJ:2134/01-01/3-13-1<br />
K. Sućurac, 11. listopada 2013. g.</p>
<p>Na temelju članka 74. stavak 1. Poslovnika Gradskog vijeća Grada Kaštela (&ldquo;Službeni glasnik Grada Kaštela&rdquo;, broj 9/09, 7/10 i 6/13) sazivam</p>
<p style="text-align: center;"><strong>4. sjednicu Gradskog vijeća Grada Kaštela</strong></p>
<p>za dan<strong> 18. listopada (petak) 2013. g. u 13,00 sati</strong> u Gradskoj vijećnici</p>
<p>Za sjednicu predlažem slijedeći</p>
<p>D n e v n i r e d</p>
<p>1. Vijećnička pitanja i prijedlozi</p>
<p>2. Prijedlog Odluke o korištenju prava prvokupa kulturnog dobra, čest.zgr.321 z.u.307 k.o.Kaštel stari, u naravi vinski podrum</p>
<p>3. Prijedlog prvih izmjena i dopuna Proračuna Grada Kaštela za 2013.g. sa projekcijama za 2014. i 2015.g. i Planom razvojnih programa</p>
<p>4. Prijedlog Odluke o dopuni Odluke o organizaciji parkiranja</p>
<p>&nbsp;</p>
<p>Predsjednik Gradskog vijeća<br />
Denis Ivanović, dipl. ing. v. r.</p>
