{"id":8320,"date":"2013-09-26T09:56:00","date_gmt":"2013-09-26T07:56:00","guid":{"rendered":"https:\/\/kastela.hr\/en\/gradsko-vijece\/3-sjednica-gradskog-vijeca\/"},"modified":"2024-11-28T15:30:56","modified_gmt":"2024-11-28T14:30:56","slug":"3-sjednica-gradskog-vijeca","status":"publish","type":"gradsko-vijece","link":"https:\/\/kastela.hr\/en\/gradsko-vijece\/mandatno-razdoblje-2013-2017\/3-sjednica-gradskog-vijeca\/","title":{"rendered":"3. Sjednica Gradskog vije\u0107a"},"content":{"rendered":"<p>REPUBLIKA HRVATSKA<br \/>\nSPLITSKO-DALMATINSKA \u017dUPANIJA<br \/>\nGRAD KA\u0160TELA<br \/>\nGRADSKO VIJE\u0106E<\/p>\n<p>KLASA: 021-05\/13-01\/0009<br \/>\nURBROJ:2134\/01-01\/3-13-1<br \/>\nK. Su\u0107urac, 20. rujna 2013. g.<\/p>\n<p>Na temelju \u010dlanka 74. stavak 1. Poslovnika Gradskog vije\u0107a Grada Ka\u0161tela (&ldquo;Slu\u017ebeni glasnik Grada Ka\u0161tela&rdquo;, broj 9\/09, 7\/10 i 6\/13) sazivam&nbsp; 3. sjednicu Gradskog vije\u0107a Grada Ka\u0161tela<\/p>\n<p>za dan <strong>26. rujna (\u010detvrtak) 2013. g. u 13,00 sati<\/strong> u Gradskoj vije\u0107nici<\/p>\n<p>Za sjednicu predla\u017eem slijede\u0107i<\/p>\n<p>D n e v n i&nbsp; r e d<\/p>\n<p>1. Usvajanje Zapisnika sa 2. sjednice Gradskog vije\u0107a<\/p>\n<p>2. Vije\u0107ni\u010dka pitanja i prijedlozi<\/p>\n<p>3. Prijedlog Rje\u0161enja o izboru predsjednika i \u010dlanova Odbora za financije i prora\u010dun<\/p>\n<p>4. Prijedlog Rje\u0161enja o izboru predsjednika i \u010dlanova Komisije za imena ulica i trgova i za spomenike<\/p>\n<p>5. Prijedlog rje\u0161enja o izboru predsjednika i \u010dlanova Komisija za predstavke i pritu\u017ebe<\/p>\n<p>6. Prijedlog Rje\u0161enja o izboru predsjednika i \u010dlanova Komisija za dodjelu javnih priznanja<\/p>\n<p>7. Prijedlog Rje\u0161enja o izboru predsjednika i \u010dlanova o izboru predsjednika i \u010dlanova Komisije za me\u0111ugradsku i me\u0111unarodnu suradnju<\/p>\n<p>8. Polugodi\u0161nji izvje\u0161taj o izvr\u0161enju Prora\u010duna Grada Ka\u0161tela za razdoblje sije\u010danj-lipanj 2013.godine<\/p>\n<p>9. Prijedlog izmjena i dopuna Programa gradnje objekata i ure\u0111aja komunalne infrastrukture za 2013. g.<\/p>\n<p>10. Prijedlog odluke o izmjenama i dopunama Odluke o mjerilima za utvr\u0111ivanje visine, na\u010dinu i uvjetima pla\u0107anja u\u010de\u0161\u0107a roditelja u cijeni programa dje\u010djih vrti\u0107a i jasl<\/p>\n<p>11. Prijedlog odluke o izmjeni Odluke o na\u010dinu i uvjetima sufinaciranja programa pred\u0161kolskog odgoja privatnih i vjerskih dje\u010djih vrti\u0107a na podru\u010dju Grada Ka\u0161tela<\/p>\n<p>12. Prijedlog odluke o izmjeni Izjave o osnivanju Zeleno i modro d.o.o.<\/p>\n<p>13. Prijedlog odluke o osnivanju Povjerenstva za ravnopravnost spolova Grada Ka\u0161tela<\/p>\n<p>14. Prijedlog odluke o izmjenama i dopunama Odluke o osnivanju Savjeta mladih Grada Ka\u0161tela<\/p>\n<p>15. Prijedlog odluke o odobravanju Programa rada Savjeta mladih Grada Ka\u0161tela sa financijskim planom za 2014. godinu<\/p>\n<p>16. Prijedlog odluke o izmjenama i dopunama Odluke o autotaksi prijevozu<\/p>\n<p>Predsjednik Gradskog vije\u0107a<br \/>\nDenis Ivanovi\u0107, dipl. ing. v. r.<\/p>\n<p>Napomena: Materijali za to\u010d. 3. do to\u010d. 7. dostavit \u0107e se prije po\u010detka sjednice.<\/p>\n<p>&nbsp;<\/p>\n","protected":false},"featured_media":0,"template":"","meta":{"_acf_changed":true},"kategorija-gradskog-vijeca":[62,59],"class_list":["post-8320","gradsko-vijece","type-gradsko-vijece","status-publish","hentry","kategorija-gradskog-vijeca-mandatno-razdoblje-2013-2017","kategorija-gradskog-vijeca-sjednice-gradskog-vijeca"],"acf":[],"_links":{"self":[{"href":"https:\/\/kastela.hr\/en\/wp-json\/wp\/v2\/gradsko-vijece\/8320","targetHints":{"allow":["GET"]}}],"collection":[{"href":"https:\/\/kastela.hr\/en\/wp-json\/wp\/v2\/gradsko-vijece"}],"about":[{"href":"https:\/\/kastela.hr\/en\/wp-json\/wp\/v2\/types\/gradsko-vijece"}],"wp:attachment":[{"href":"https:\/\/kastela.hr\/en\/wp-json\/wp\/v2\/media?parent=8320"}],"wp:term":[{"taxonomy":"kategorija-gradskog-vijeca","embeddable":true,"href":"https:\/\/kastela.hr\/en\/wp-json\/wp\/v2\/kategorija-gradskog-vijeca?post=8320"}],"curies":[{"name":"wp","href":"https:\/\/api.w.org\/{rel}","templated":true}]}}

3. Sjednica Gradskog vijeća

<p>REPUBLIKA HRVATSKA<br />
SPLITSKO-DALMATINSKA ŽUPANIJA<br />
GRAD KAŠTELA<br />
GRADSKO VIJEĆE</p>
<p>KLASA: 021-05/13-01/0009<br />
URBROJ:2134/01-01/3-13-1<br />
K. Sućurac, 20. rujna 2013. g.</p>
<p>Na temelju članka 74. stavak 1. Poslovnika Gradskog vijeća Grada Kaštela (&ldquo;Službeni glasnik Grada Kaštela&rdquo;, broj 9/09, 7/10 i 6/13) sazivam&nbsp; 3. sjednicu Gradskog vijeća Grada Kaštela</p>
<p>za dan <strong>26. rujna (četvrtak) 2013. g. u 13,00 sati</strong> u Gradskoj vijećnici</p>
<p>Za sjednicu predlažem slijedeći</p>
<p>D n e v n i&nbsp; r e d</p>
<p>1. Usvajanje Zapisnika sa 2. sjednice Gradskog vijeća</p>
<p>2. Vijećnička pitanja i prijedlozi</p>
<p>3. Prijedlog Rješenja o izboru predsjednika i članova Odbora za financije i proračun</p>
<p>4. Prijedlog Rješenja o izboru predsjednika i članova Komisije za imena ulica i trgova i za spomenike</p>
<p>5. Prijedlog rješenja o izboru predsjednika i članova Komisija za predstavke i pritužbe</p>
<p>6. Prijedlog Rješenja o izboru predsjednika i članova Komisija za dodjelu javnih priznanja</p>
<p>7. Prijedlog Rješenja o izboru predsjednika i članova o izboru predsjednika i članova Komisije za međugradsku i međunarodnu suradnju</p>
<p>8. Polugodišnji izvještaj o izvršenju Proračuna Grada Kaštela za razdoblje siječanj-lipanj 2013.godine</p>
<p>9. Prijedlog izmjena i dopuna Programa gradnje objekata i uređaja komunalne infrastrukture za 2013. g.</p>
<p>10. Prijedlog odluke o izmjenama i dopunama Odluke o mjerilima za utvrđivanje visine, načinu i uvjetima plaćanja učešća roditelja u cijeni programa dječjih vrtića i jasl</p>
<p>11. Prijedlog odluke o izmjeni Odluke o načinu i uvjetima sufinaciranja programa predškolskog odgoja privatnih i vjerskih dječjih vrtića na području Grada Kaštela</p>
<p>12. Prijedlog odluke o izmjeni Izjave o osnivanju Zeleno i modro d.o.o.</p>
<p>13. Prijedlog odluke o osnivanju Povjerenstva za ravnopravnost spolova Grada Kaštela</p>
<p>14. Prijedlog odluke o izmjenama i dopunama Odluke o osnivanju Savjeta mladih Grada Kaštela</p>
<p>15. Prijedlog odluke o odobravanju Programa rada Savjeta mladih Grada Kaštela sa financijskim planom za 2014. godinu</p>
<p>16. Prijedlog odluke o izmjenama i dopunama Odluke o autotaksi prijevozu</p>
<p>Predsjednik Gradskog vijeća<br />
Denis Ivanović, dipl. ing. v. r.</p>
<p>Napomena: Materijali za toč. 3. do toč. 7. dostavit će se prije početka sjednice.</p>
<p>&nbsp;</p>
