{"id":8319,"date":"2013-07-29T09:59:00","date_gmt":"2013-07-29T07:59:00","guid":{"rendered":"https:\/\/kastela.hr\/en\/gradsko-vijece\/2-sjednica-gradskog-vijeca\/"},"modified":"2024-11-28T15:33:46","modified_gmt":"2024-11-28T14:33:46","slug":"2-sjednica-gradskog-vijeca","status":"publish","type":"gradsko-vijece","link":"https:\/\/kastela.hr\/en\/gradsko-vijece\/mandatno-razdoblje-2013-2017\/2-sjednica-gradskog-vijeca\/","title":{"rendered":"2. Sjednica Gradskog vije\u0107a"},"content":{"rendered":"<p>REPUBLIKA HRVATSKA<br \/>\nSPLITSKO-DALMATINSKA \u017dUPANIJA<br \/>\nGRAD KA\u0160TELA<br \/>\nGRADSKO VIJE\u0106E<\/p>\n<p>&nbsp;<\/p>\n<p>KLASA:021-05\/13-01\/0008<br \/>\nURBROJ:2134\/01-2-13-1<\/p>\n<p>K. Su\u0107urac, 24. srpnja 2013. g.<\/p>\n<p>Na temelju \u010dlanka 74. stavak 1. Poslovnika Gradskog vije\u0107a Grada Ka\u0161tela (&ldquo;Slu\u017ebeni glasnik Grada Ka\u0161tela&rdquo;, broj 9\/09, 7\/10 i 6\/13) sazivam<\/p>\n<p>2. sjednicu Gradskog vije\u0107a Grada Ka\u0161tela za dan 29. srpnja (ponedjeljak) 2013. g. u 14,00 sati u Gradskoj vije\u0107nici<\/p>\n<p>Za sjednicu predla\u017eem slijede\u0107i<\/p>\n<p>&nbsp;<\/p>\n<p>Dnevni red<\/p>\n<p>1. Usvajanje Zapisnika sa konstituiraju\u0107e 1. sjednice Gradskog vije\u0107a<\/p>\n<p>2. Vije\u0107ni\u010dka pitanja i prijedlozi<\/p>\n<p>3. Prijedlog odluke o priklju\u010denju na komunalne vodne gra\u0111evine<\/p>\n<p>&ndash; Izvjestitelj: predstavnik Vodovoda i kanalizacije d.o.o. Split<\/p>\n<p>4. Nacrt kona\u010dnog prijedloga prostornog plana Splitsko &ndash; dalmatinske \u017eupanije<\/p>\n<p>&ndash; Izvjestiteljica: Ivana Ugrina, voditeljica Odsjeka za prostorno planiranje i za\u0161titu okoli\u0161a<\/p>\n<p>5. Prijedlog odluke o ustrojstvu i djelokrugu upravnih tijela Grada Ka\u0161tela<\/p>\n<p>&ndash; Izvjestitelj: Ivan Udovi\u010di\u0107, gradona\u010delnik<\/p>\n<p>6. Prijedlog odluke o raspore\u0111ivanje sredstava za financiranje aktivnosti politi\u010dkih stranaka i \u010dlanova izabranih s liste grupe bira\u010da u Gradskom vije\u0107u Grada Ka\u0161tela za<\/p>\n<p>7. Prijedlog odluke o radnim tijelima Gradskog vije\u0107a Grada Ka\u0161tela<\/p>\n<p>&ndash; Izvjestiteljica t. 6.. i t. 7.: Sanda Jakus, pro\u010delnica Upravnog odjela za poslove Gradona\u010delnika, Gradskog vije\u0107a i mjesne samouprave<\/p>\n<p>8. Prijedlog odluke o osnivanju Povjerenstva za pra\u0107enje stanja okoli\u0161a<\/p>\n<p>&ndash; Izvjestitelj: Denis Ivanovi\u0107, predlagatelj<\/p>\n<p>9. Prijedlog odluke o izmjeni Odluke o osnivanju sto\u017eera za\u0161tite i spa\u0161avanja Grada Ka\u0161tela<\/p>\n<p>10. Prijedlog odluke o izmjeni Odluke o osnivanju sto\u017eera za\u0161tite i spa\u0161avanja Grada Ka\u0161tela<\/p>\n<p>&ndash; Izvjestitelj t. 9. i t. 10.: Darko Opa\u010dak, pro\u010delnik Upravnog odjela za pravne i kadrovske poslove, dru\u0161tvene djelatnosti, branitelje i mlade<\/p>\n<p>11. Prijedlog odluke o osnivanju Povjerenstva za procjenu \u0161teta od elementarnih nepogoda<\/p>\n<p>&ndash; Izvjestitelj: Mario Duvnjak, predsjednik Odbora za izbor i imenovanja<br \/>\nPredsjednik Gradskog vije\u0107a<br \/>\nDenis Ivanovi\u0107, dipl. ing. v. r.<\/p>\n","protected":false},"featured_media":0,"template":"","meta":{"_acf_changed":true},"kategorija-gradskog-vijeca":[62,59],"class_list":["post-8319","gradsko-vijece","type-gradsko-vijece","status-publish","hentry","kategorija-gradskog-vijeca-mandatno-razdoblje-2013-2017","kategorija-gradskog-vijeca-sjednice-gradskog-vijeca"],"acf":[],"_links":{"self":[{"href":"https:\/\/kastela.hr\/en\/wp-json\/wp\/v2\/gradsko-vijece\/8319","targetHints":{"allow":["GET"]}}],"collection":[{"href":"https:\/\/kastela.hr\/en\/wp-json\/wp\/v2\/gradsko-vijece"}],"about":[{"href":"https:\/\/kastela.hr\/en\/wp-json\/wp\/v2\/types\/gradsko-vijece"}],"wp:attachment":[{"href":"https:\/\/kastela.hr\/en\/wp-json\/wp\/v2\/media?parent=8319"}],"wp:term":[{"taxonomy":"kategorija-gradskog-vijeca","embeddable":true,"href":"https:\/\/kastela.hr\/en\/wp-json\/wp\/v2\/kategorija-gradskog-vijeca?post=8319"}],"curies":[{"name":"wp","href":"https:\/\/api.w.org\/{rel}","templated":true}]}}

2. Sjednica Gradskog vijeća

<p>REPUBLIKA HRVATSKA<br />
SPLITSKO-DALMATINSKA ŽUPANIJA<br />
GRAD KAŠTELA<br />
GRADSKO VIJEĆE</p>
<p>&nbsp;</p>
<p>KLASA:021-05/13-01/0008<br />
URBROJ:2134/01-2-13-1</p>
<p>K. Sućurac, 24. srpnja 2013. g.</p>
<p>Na temelju članka 74. stavak 1. Poslovnika Gradskog vijeća Grada Kaštela (&ldquo;Službeni glasnik Grada Kaštela&rdquo;, broj 9/09, 7/10 i 6/13) sazivam</p>
<p>2. sjednicu Gradskog vijeća Grada Kaštela za dan 29. srpnja (ponedjeljak) 2013. g. u 14,00 sati u Gradskoj vijećnici</p>
<p>Za sjednicu predlažem slijedeći</p>
<p>&nbsp;</p>
<p>Dnevni red</p>
<p>1. Usvajanje Zapisnika sa konstituirajuće 1. sjednice Gradskog vijeća</p>
<p>2. Vijećnička pitanja i prijedlozi</p>
<p>3. Prijedlog odluke o priključenju na komunalne vodne građevine</p>
<p>&ndash; Izvjestitelj: predstavnik Vodovoda i kanalizacije d.o.o. Split</p>
<p>4. Nacrt konačnog prijedloga prostornog plana Splitsko &ndash; dalmatinske županije</p>
<p>&ndash; Izvjestiteljica: Ivana Ugrina, voditeljica Odsjeka za prostorno planiranje i zaštitu okoliša</p>
<p>5. Prijedlog odluke o ustrojstvu i djelokrugu upravnih tijela Grada Kaštela</p>
<p>&ndash; Izvjestitelj: Ivan Udovičić, gradonačelnik</p>
<p>6. Prijedlog odluke o raspoređivanje sredstava za financiranje aktivnosti političkih stranaka i članova izabranih s liste grupe birača u Gradskom vijeću Grada Kaštela za</p>
<p>7. Prijedlog odluke o radnim tijelima Gradskog vijeća Grada Kaštela</p>
<p>&ndash; Izvjestiteljica t. 6.. i t. 7.: Sanda Jakus, pročelnica Upravnog odjela za poslove Gradonačelnika, Gradskog vijeća i mjesne samouprave</p>
<p>8. Prijedlog odluke o osnivanju Povjerenstva za praćenje stanja okoliša</p>
<p>&ndash; Izvjestitelj: Denis Ivanović, predlagatelj</p>
<p>9. Prijedlog odluke o izmjeni Odluke o osnivanju stožera zaštite i spašavanja Grada Kaštela</p>
<p>10. Prijedlog odluke o izmjeni Odluke o osnivanju stožera zaštite i spašavanja Grada Kaštela</p>
<p>&ndash; Izvjestitelj t. 9. i t. 10.: Darko Opačak, pročelnik Upravnog odjela za pravne i kadrovske poslove, društvene djelatnosti, branitelje i mlade</p>
<p>11. Prijedlog odluke o osnivanju Povjerenstva za procjenu šteta od elementarnih nepogoda</p>
<p>&ndash; Izvjestitelj: Mario Duvnjak, predsjednik Odbora za izbor i imenovanja<br />
Predsjednik Gradskog vijeća<br />
Denis Ivanović, dipl. ing. v. r.</p>
