{"id":8316,"date":"2016-04-05T11:08:00","date_gmt":"2016-04-05T09:08:00","guid":{"rendered":"https:\/\/kastela.hr\/en\/gradsko-vijece\/izvjesce-o-radu-savjeta-mladih-za-2015-g\/"},"modified":"2016-04-05T11:08:00","modified_gmt":"2016-04-05T09:08:00","slug":"izvjesce-o-radu-savjeta-mladih-za-2015-g","status":"publish","type":"gradsko-vijece","link":"https:\/\/kastela.hr\/en\/gradsko-vijece\/savjet-mladih\/izvjesce-o-radu-savjeta-mladih-za-2015-g\/","title":{"rendered":"IZVJE\u0160\u0106E O RADU SAVJETA MLADIH ZA 2015.G."},"content":{"rendered":"<p>Na temelju \u010dlanka 19. stavak 6. Zakona o savjetima mladih ( &ldquo;Narodne novine&rdquo; broj 41\/14) i \u010dlanka stavak 4. Odluke o osnivanju Savjeta mladih Grada Ka\u0161tela&nbsp; (&ldquo;Slu\u017ebeni glasnik Grada Ka\u0161tela&rdquo; broj&nbsp; 10\/14) Gradona\u010delnik Grada Ka\u0161tela objavljuje&nbsp;Izvje\u0161\u0107e o radu Savjeta mladih Grada Ka\u0161tela za 2015. godinu.<\/p>\n","protected":false},"featured_media":6208,"template":"","meta":{"_acf_changed":false},"kategorija-gradskog-vijeca":[58],"class_list":["post-8316","gradsko-vijece","type-gradsko-vijece","status-publish","has-post-thumbnail","hentry","kategorija-gradskog-vijeca-savjet-mladih"],"acf":[],"_links":{"self":[{"href":"https:\/\/kastela.hr\/en\/wp-json\/wp\/v2\/gradsko-vijece\/8316","targetHints":{"allow":["GET"]}}],"collection":[{"href":"https:\/\/kastela.hr\/en\/wp-json\/wp\/v2\/gradsko-vijece"}],"about":[{"href":"https:\/\/kastela.hr\/en\/wp-json\/wp\/v2\/types\/gradsko-vijece"}],"wp:featuredmedia":[{"embeddable":true,"href":"https:\/\/kastela.hr\/en\/wp-json\/wp\/v2\/media\/6208"}],"wp:attachment":[{"href":"https:\/\/kastela.hr\/en\/wp-json\/wp\/v2\/media?parent=8316"}],"wp:term":[{"taxonomy":"kategorija-gradskog-vijeca","embeddable":true,"href":"https:\/\/kastela.hr\/en\/wp-json\/wp\/v2\/kategorija-gradskog-vijeca?post=8316"}],"curies":[{"name":"wp","href":"https:\/\/api.w.org\/{rel}","templated":true}]}}

IZVJEŠĆE O RADU SAVJETA MLADIH ZA 2015.G.

<p>Na temelju članka 19. stavak 6. Zakona o savjetima mladih ( &ldquo;Narodne novine&rdquo; broj 41/14) i članka stavak 4. Odluke o osnivanju Savjeta mladih Grada Kaštela&nbsp; (&ldquo;Službeni glasnik Grada Kaštela&rdquo; broj&nbsp; 10/14) Gradonačelnik Grada Kaštela objavljuje&nbsp;Izvješće o radu Savjeta mladih Grada Kaštela za 2015. godinu.</p>
