{"id":8315,"date":"2015-04-01T11:10:00","date_gmt":"2015-04-01T09:10:00","guid":{"rendered":"https:\/\/kastela.hr\/en\/gradsko-vijece\/izvjesce-o-radu-savjeta-mladih-za-2014-g\/"},"modified":"2015-04-01T11:10:00","modified_gmt":"2015-04-01T09:10:00","slug":"izvjesce-o-radu-savjeta-mladih-za-2014-g","status":"publish","type":"gradsko-vijece","link":"https:\/\/kastela.hr\/en\/gradsko-vijece\/savjet-mladih\/izvjesce-o-radu-savjeta-mladih-za-2014-g\/","title":{"rendered":"IZVJE\u0160\u0106E O RADU SAVJETA MLADIH ZA 2014. G."},"content":{"rendered":"<p>Na temelju \u010dlanka 19. stavak 6. Zakona o savjetima mladih ( &ldquo;Narodne novine&rdquo; broj 41\/14) i \u010dlanka&nbsp;23. stavak 4. Odluke o osnivanju Savjeta mladih Grada Ka\u0161tela&nbsp; (&ldquo;Slu\u017ebeni glasnik Grada Ka\u0161tela&rdquo; broj&nbsp; 10\/14) Gradona\u010delnik Grada Ka\u0161tela objavljuje&nbsp;Izvje\u0161\u0107e o radu Savjeta mladih Grada Ka\u0161tela za 2014. godinu.<\/p>\n","protected":false},"featured_media":6205,"template":"","meta":{"_acf_changed":false},"kategorija-gradskog-vijeca":[58],"class_list":["post-8315","gradsko-vijece","type-gradsko-vijece","status-publish","has-post-thumbnail","hentry","kategorija-gradskog-vijeca-savjet-mladih"],"acf":[],"_links":{"self":[{"href":"https:\/\/kastela.hr\/en\/wp-json\/wp\/v2\/gradsko-vijece\/8315","targetHints":{"allow":["GET"]}}],"collection":[{"href":"https:\/\/kastela.hr\/en\/wp-json\/wp\/v2\/gradsko-vijece"}],"about":[{"href":"https:\/\/kastela.hr\/en\/wp-json\/wp\/v2\/types\/gradsko-vijece"}],"wp:featuredmedia":[{"embeddable":true,"href":"https:\/\/kastela.hr\/en\/wp-json\/wp\/v2\/media\/6205"}],"wp:attachment":[{"href":"https:\/\/kastela.hr\/en\/wp-json\/wp\/v2\/media?parent=8315"}],"wp:term":[{"taxonomy":"kategorija-gradskog-vijeca","embeddable":true,"href":"https:\/\/kastela.hr\/en\/wp-json\/wp\/v2\/kategorija-gradskog-vijeca?post=8315"}],"curies":[{"name":"wp","href":"https:\/\/api.w.org\/{rel}","templated":true}]}}

IZVJEŠĆE O RADU SAVJETA MLADIH ZA 2014. G.

<p>Na temelju članka 19. stavak 6. Zakona o savjetima mladih ( &ldquo;Narodne novine&rdquo; broj 41/14) i članka&nbsp;23. stavak 4. Odluke o osnivanju Savjeta mladih Grada Kaštela&nbsp; (&ldquo;Službeni glasnik Grada Kaštela&rdquo; broj&nbsp; 10/14) Gradonačelnik Grada Kaštela objavljuje&nbsp;Izvješće o radu Savjeta mladih Grada Kaštela za 2014. godinu.</p>
