{"id":8314,"date":"2014-12-23T13:12:00","date_gmt":"2014-12-23T12:12:00","guid":{"rendered":"https:\/\/kastela.hr\/en\/gradsko-vijece\/konstituiran-savjet-mladih\/"},"modified":"2014-12-23T13:12:00","modified_gmt":"2014-12-23T12:12:00","slug":"konstituiran-savjet-mladih","status":"publish","type":"gradsko-vijece","link":"https:\/\/kastela.hr\/en\/gradsko-vijece\/savjet-mladih\/konstituiran-savjet-mladih\/","title":{"rendered":"KONSTITUIRAN SAVJET MLADIH"},"content":{"rendered":"<p>Na temelju \u010dlanka 10. stavka 4. Odluke o osnivanju Savjeta mladih Grada Ka\u0161tela predsjednik Gradskog vije\u0107a Denis Ivanovi\u0107 daje obavijest da je Savjet mladih Grada Ka\u0161tela konstituiran 22. prosinca 2014.g. izborom Tomislave Bogi\u0107 za predsjednicu.<\/p>\n","protected":false},"featured_media":7784,"template":"","meta":{"_acf_changed":false},"kategorija-gradskog-vijeca":[58],"class_list":["post-8314","gradsko-vijece","type-gradsko-vijece","status-publish","has-post-thumbnail","hentry","kategorija-gradskog-vijeca-savjet-mladih"],"acf":[],"_links":{"self":[{"href":"https:\/\/kastela.hr\/en\/wp-json\/wp\/v2\/gradsko-vijece\/8314","targetHints":{"allow":["GET"]}}],"collection":[{"href":"https:\/\/kastela.hr\/en\/wp-json\/wp\/v2\/gradsko-vijece"}],"about":[{"href":"https:\/\/kastela.hr\/en\/wp-json\/wp\/v2\/types\/gradsko-vijece"}],"wp:featuredmedia":[{"embeddable":true,"href":"https:\/\/kastela.hr\/en\/wp-json\/wp\/v2\/media\/7784"}],"wp:attachment":[{"href":"https:\/\/kastela.hr\/en\/wp-json\/wp\/v2\/media?parent=8314"}],"wp:term":[{"taxonomy":"kategorija-gradskog-vijeca","embeddable":true,"href":"https:\/\/kastela.hr\/en\/wp-json\/wp\/v2\/kategorija-gradskog-vijeca?post=8314"}],"curies":[{"name":"wp","href":"https:\/\/api.w.org\/{rel}","templated":true}]}}

<p>Na temelju članka 10. stavka 4. Odluke o osnivanju Savjeta mladih Grada Kaštela predsjednik Gradskog vijeća Denis Ivanović daje obavijest da je Savjet mladih Grada Kaštela konstituiran 22. prosinca 2014.g. izborom Tomislave Bogić za predsjednicu.</p>
