{"id":8313,"date":"2014-12-12T13:13:00","date_gmt":"2014-12-12T12:13:00","guid":{"rendered":"https:\/\/kastela.hr\/en\/gradsko-vijece\/rezultati-izbora-za-clanove-i-zamjenike-clanova-savjeta-mladih-2\/"},"modified":"2014-12-12T13:13:00","modified_gmt":"2014-12-12T12:13:00","slug":"rezultati-izbora-za-clanove-i-zamjenike-clanova-savjeta-mladih-2","status":"publish","type":"gradsko-vijece","link":"https:\/\/kastela.hr\/en\/gradsko-vijece\/savjet-mladih\/rezultati-izbora-za-clanove-i-zamjenike-clanova-savjeta-mladih-2\/","title":{"rendered":"REZULTATI IZBORA ZA \u010cLANOVE I ZAMJENIKE \u010cLANOVA SAVJETA MLADIH"},"content":{"rendered":"<p>Temeljem \u010dlanka 11. stavka 1. Zakona o savjetima mladih (&bdquo;Narodne novine&ldquo; broj 41\/14) i \u010dlanka 10. stavka 6. Odluke o osnivanju savjeta mladih Grada Ka\u0161tela objavljuju se Rezultati izbora za izbor \u010dlanova savjeta mladih Grada Ka\u0161tela i njihovih zamjenika:<\/p>\n","protected":false},"featured_media":6202,"template":"","meta":{"_acf_changed":false},"kategorija-gradskog-vijeca":[58],"class_list":["post-8313","gradsko-vijece","type-gradsko-vijece","status-publish","has-post-thumbnail","hentry","kategorija-gradskog-vijeca-savjet-mladih"],"acf":[],"_links":{"self":[{"href":"https:\/\/kastela.hr\/en\/wp-json\/wp\/v2\/gradsko-vijece\/8313","targetHints":{"allow":["GET"]}}],"collection":[{"href":"https:\/\/kastela.hr\/en\/wp-json\/wp\/v2\/gradsko-vijece"}],"about":[{"href":"https:\/\/kastela.hr\/en\/wp-json\/wp\/v2\/types\/gradsko-vijece"}],"wp:featuredmedia":[{"embeddable":true,"href":"https:\/\/kastela.hr\/en\/wp-json\/wp\/v2\/media\/6202"}],"wp:attachment":[{"href":"https:\/\/kastela.hr\/en\/wp-json\/wp\/v2\/media?parent=8313"}],"wp:term":[{"taxonomy":"kategorija-gradskog-vijeca","embeddable":true,"href":"https:\/\/kastela.hr\/en\/wp-json\/wp\/v2\/kategorija-gradskog-vijeca?post=8313"}],"curies":[{"name":"wp","href":"https:\/\/api.w.org\/{rel}","templated":true}]}}

REZULTATI IZBORA ZA ČLANOVE I ZAMJENIKE ČLANOVA SAVJETA MLADIH

<p>Temeljem članka 11. stavka 1. Zakona o savjetima mladih (&bdquo;Narodne novine&ldquo; broj 41/14) i članka 10. stavka 6. Odluke o osnivanju savjeta mladih Grada Kaštela objavljuju se Rezultati izbora za izbor članova savjeta mladih Grada Kaštela i njihovih zamjenika:</p>
