{"id":8312,"date":"2014-11-25T13:14:00","date_gmt":"2014-11-25T12:14:00","guid":{"rendered":"https:\/\/kastela.hr\/en\/gradsko-vijece\/vazece-kandidature-za-savjet-mladih\/"},"modified":"2014-11-25T13:14:00","modified_gmt":"2014-11-25T12:14:00","slug":"vazece-kandidature-za-savjet-mladih","status":"publish","type":"gradsko-vijece","link":"https:\/\/kastela.hr\/en\/gradsko-vijece\/savjet-mladih\/vazece-kandidature-za-savjet-mladih\/","title":{"rendered":"VA\u017dE\u0106E KANDIDATURE ZA SAVJET MLADIH"},"content":{"rendered":"<p>Gradsko vije\u0107e Grada Ka\u0161tela, 27. listopada 2014. objavilo je Javni poziv za predlaganje kandidata za \u010dlanove Savjeta mladih i njihovih zamjenika. Prijedlozi kandidatura su morali biti dostavljeni Odboru za izbor i imenovanja, kojem je pristiglo sveukupno jedanaest prijava. Na 10. sjednici koja se odr\u017eala 14. studenog 2014. utvr\u0111en je popis va\u017ee\u0107ih kandidatura.<\/p>\n<p>Podneseno je devet valjanih kandidatura od strane ovla\u0161tenih predlagatelja koji su predlo\u017eili ukupno deset kandidata za izbor \u010dlanova Savjeta mladih i deset kandidata za zamjenike, koji ispunjavaju formalne uvjete.<\/p>\n<p>Gradsko vije\u0107e \u0107e na prvoj sjednici nakon objave Popisa raspravljati o&nbsp;Izvje\u0161\u0107u i o Popisu va\u017ee\u0107ih kandidatura, a tajnim glasovanjem izabrati \u010dlanove i zamjenike Savjeta mladih Grada Ka\u0161tela.<\/p>\n","protected":false},"featured_media":6199,"template":"","meta":{"_acf_changed":false},"kategorija-gradskog-vijeca":[58],"class_list":["post-8312","gradsko-vijece","type-gradsko-vijece","status-publish","has-post-thumbnail","hentry","kategorija-gradskog-vijeca-savjet-mladih"],"acf":[],"_links":{"self":[{"href":"https:\/\/kastela.hr\/en\/wp-json\/wp\/v2\/gradsko-vijece\/8312","targetHints":{"allow":["GET"]}}],"collection":[{"href":"https:\/\/kastela.hr\/en\/wp-json\/wp\/v2\/gradsko-vijece"}],"about":[{"href":"https:\/\/kastela.hr\/en\/wp-json\/wp\/v2\/types\/gradsko-vijece"}],"wp:featuredmedia":[{"embeddable":true,"href":"https:\/\/kastela.hr\/en\/wp-json\/wp\/v2\/media\/6199"}],"wp:attachment":[{"href":"https:\/\/kastela.hr\/en\/wp-json\/wp\/v2\/media?parent=8312"}],"wp:term":[{"taxonomy":"kategorija-gradskog-vijeca","embeddable":true,"href":"https:\/\/kastela.hr\/en\/wp-json\/wp\/v2\/kategorija-gradskog-vijeca?post=8312"}],"curies":[{"name":"wp","href":"https:\/\/api.w.org\/{rel}","templated":true}]}}

VAŽEĆE KANDIDATURE ZA SAVJET MLADIH

<p>Gradsko vijeće Grada Kaštela, 27. listopada 2014. objavilo je Javni poziv za predlaganje kandidata za članove Savjeta mladih i njihovih zamjenika. Prijedlozi kandidatura su morali biti dostavljeni Odboru za izbor i imenovanja, kojem je pristiglo sveukupno jedanaest prijava. Na 10. sjednici koja se održala 14. studenog 2014. utvrđen je popis važećih kandidatura.</p>
<p>Podneseno je devet valjanih kandidatura od strane ovlaštenih predlagatelja koji su predložili ukupno deset kandidata za izbor članova Savjeta mladih i deset kandidata za zamjenike, koji ispunjavaju formalne uvjete.</p>
<p>Gradsko vijeće će na prvoj sjednici nakon objave Popisa raspravljati o&nbsp;Izvješću i o Popisu važećih kandidatura, a tajnim glasovanjem izabrati članove i zamjenike Savjeta mladih Grada Kaštela.</p>
