{"id":8309,"date":"2020-05-21T09:19:00","date_gmt":"2020-05-21T07:19:00","guid":{"rendered":"https:\/\/kastela.hr\/en\/gradsko-vijece\/izvjesce-o-radu-savjeta-mladih-grada-kastela-za-2019-godinu\/"},"modified":"2020-05-21T09:19:00","modified_gmt":"2020-05-21T07:19:00","slug":"izvjesce-o-radu-savjeta-mladih-grada-kastela-za-2019-godinu","status":"publish","type":"gradsko-vijece","link":"https:\/\/kastela.hr\/en\/gradsko-vijece\/savjet-mladih\/izvjesce-o-radu-savjeta-mladih-grada-kastela-za-2019-godinu\/","title":{"rendered":"Izvje\u0161\u0107e o radu Savjeta mladih Grada Ka\u0161tela za 2019. godinu"},"content":{"rendered":"<p>Na temelju \u010dlanka 19. stavak 6. Zakona o savjetima mladih ( &quot;Narodne novine&quot; broj 41\/14) i \u010dlanka 23. stavak 4. Odluke o&nbsp; osnivanju Savjeta&nbsp; mladih Grada Ka\u0161tela&nbsp; (&quot;Slu\u017ebeni glasnik Grada Ka\u0161tela&quot; broj&nbsp; 10\/14 i 10\/17) Gradona\u010delnik Grada Ka\u0161tela objavljuje <strong>Izvje\u0161\u0107e o radu Savjeta mladih Grada Ka\u0161tela za 2019. godinu.<\/strong><\/p>\n<p>&nbsp;<\/p>\n","protected":false},"featured_media":0,"template":"","meta":{"_acf_changed":false},"kategorija-gradskog-vijeca":[58],"class_list":["post-8309","gradsko-vijece","type-gradsko-vijece","status-publish","hentry","kategorija-gradskog-vijeca-savjet-mladih"],"acf":[],"_links":{"self":[{"href":"https:\/\/kastela.hr\/en\/wp-json\/wp\/v2\/gradsko-vijece\/8309","targetHints":{"allow":["GET"]}}],"collection":[{"href":"https:\/\/kastela.hr\/en\/wp-json\/wp\/v2\/gradsko-vijece"}],"about":[{"href":"https:\/\/kastela.hr\/en\/wp-json\/wp\/v2\/types\/gradsko-vijece"}],"wp:attachment":[{"href":"https:\/\/kastela.hr\/en\/wp-json\/wp\/v2\/media?parent=8309"}],"wp:term":[{"taxonomy":"kategorija-gradskog-vijeca","embeddable":true,"href":"https:\/\/kastela.hr\/en\/wp-json\/wp\/v2\/kategorija-gradskog-vijeca?post=8309"}],"curies":[{"name":"wp","href":"https:\/\/api.w.org\/{rel}","templated":true}]}}

Izvješće o radu Savjeta mladih Grada Kaštela za 2019. godinu

<p>Na temelju članka 19. stavak 6. Zakona o savjetima mladih ( &quot;Narodne novine&quot; broj 41/14) i članka 23. stavak 4. Odluke o&nbsp; osnivanju Savjeta&nbsp; mladih Grada Kaštela&nbsp; (&quot;Službeni glasnik Grada Kaštela&quot; broj&nbsp; 10/14 i 10/17) Gradonačelnik Grada Kaštela objavljuje <strong>Izvješće o radu Savjeta mladih Grada Kaštela za 2019. godinu.</strong></p>
<p>&nbsp;</p>
