{"id":8308,"date":"2021-01-29T10:31:00","date_gmt":"2021-01-29T09:31:00","guid":{"rendered":"https:\/\/kastela.hr\/en\/gradsko-vijece\/vazece-kandidature-za-clanove-savjeta-mladih\/"},"modified":"2021-01-29T10:31:00","modified_gmt":"2021-01-29T09:31:00","slug":"vazece-kandidature-za-clanove-savjeta-mladih","status":"publish","type":"gradsko-vijece","link":"https:\/\/kastela.hr\/en\/gradsko-vijece\/savjet-mladih\/vazece-kandidature-za-clanove-savjeta-mladih\/","title":{"rendered":"VA\u017dE\u0106E KANDIDATURE ZA \u010cLANOVE SAVJETA MLADIH"},"content":{"rendered":"<p>Gradsko vije\u0107e Grada Ka\u0161tela, 11. prosinca 2020. godine objavilo je Javni poziv za predlaganje kandidata za \u010dlanove Savjeta mladih i njihovih zamjenika, a krajnji rok za podno\u0161enje kandidature je bio 25. prosinca 2020.godine. Odbor za izbor i imenovanja kao nadle\u017eno radno tijelo Gradskog vije\u0107a, na 16. sjednici odr\u017eanoj 27.sije\u010dnja 2021.godine, nakon otvaranja pristiglih kandidatura utvrdio da je pristiglo devet valjanih kandidatura te o istima sastavio Izvje\u0161\u0107e o provjeri formalnih uvjeta za izbor \u010dlanova Savjeta mladih Grada Ka\u0161tela i njihovih zamjenika i Popis va\u017ee\u0107ih kandidatura za izbor \u010dlanova Savjeta mladih Grada Ka\u0161tela i njihovih zamjenika. &nbsp;<\/p>\n<p>Gradsko vije\u0107e \u0107e na prvoj sjednici nakon objave Popisa raspravljati o Izvje\u0161\u0107u i Popisu va\u017ee\u0107ih kandidatura&nbsp;te \u0107e tajnim glasovanjem izabrati \u010dlanove i zamjenike Savjeta mladih Grada Ka\u0161tela.<\/p>\n","protected":false},"featured_media":0,"template":"","meta":{"_acf_changed":false},"kategorija-gradskog-vijeca":[58],"class_list":["post-8308","gradsko-vijece","type-gradsko-vijece","status-publish","hentry","kategorija-gradskog-vijeca-savjet-mladih"],"acf":[],"_links":{"self":[{"href":"https:\/\/kastela.hr\/en\/wp-json\/wp\/v2\/gradsko-vijece\/8308","targetHints":{"allow":["GET"]}}],"collection":[{"href":"https:\/\/kastela.hr\/en\/wp-json\/wp\/v2\/gradsko-vijece"}],"about":[{"href":"https:\/\/kastela.hr\/en\/wp-json\/wp\/v2\/types\/gradsko-vijece"}],"wp:attachment":[{"href":"https:\/\/kastela.hr\/en\/wp-json\/wp\/v2\/media?parent=8308"}],"wp:term":[{"taxonomy":"kategorija-gradskog-vijeca","embeddable":true,"href":"https:\/\/kastela.hr\/en\/wp-json\/wp\/v2\/kategorija-gradskog-vijeca?post=8308"}],"curies":[{"name":"wp","href":"https:\/\/api.w.org\/{rel}","templated":true}]}}

VAŽEĆE KANDIDATURE ZA ČLANOVE SAVJETA MLADIH

<p>Gradsko vijeće Grada Kaštela, 11. prosinca 2020. godine objavilo je Javni poziv za predlaganje kandidata za članove Savjeta mladih i njihovih zamjenika, a krajnji rok za podnošenje kandidature je bio 25. prosinca 2020.godine. Odbor za izbor i imenovanja kao nadležno radno tijelo Gradskog vijeća, na 16. sjednici održanoj 27.siječnja 2021.godine, nakon otvaranja pristiglih kandidatura utvrdio da je pristiglo devet valjanih kandidatura te o istima sastavio Izvješće o provjeri formalnih uvjeta za izbor članova Savjeta mladih Grada Kaštela i njihovih zamjenika i Popis važećih kandidatura za izbor članova Savjeta mladih Grada Kaštela i njihovih zamjenika. &nbsp;</p>
<p>Gradsko vijeće će na prvoj sjednici nakon objave Popisa raspravljati o Izvješću i Popisu važećih kandidatura&nbsp;te će tajnim glasovanjem izabrati članove i zamjenike Savjeta mladih Grada Kaštela.</p>
