{"id":15214,"date":"2012-07-12T16:10:00","date_gmt":"2012-07-12T14:10:00","guid":{"rendered":"https:\/\/kastela.hr\/en\/?post_type=gradsko-vijece&#038;p=15214"},"modified":"2024-11-28T16:12:02","modified_gmt":"2024-11-28T15:12:02","slug":"43-sjednica-gradskog-vijeca","status":"publish","type":"gradsko-vijece","link":"https:\/\/kastela.hr\/en\/gradsko-vijece\/mandatno-razdoblje-2009-2013\/43-sjednica-gradskog-vijeca\/","title":{"rendered":"43. Sjednica Gradskog vije\u0107a"},"content":{"rendered":"\n<p>REPUBLIKA HRVATSKA<br><strong>SPLITSKO-DALMATINSKA \u017dUPANIJA<\/strong><br><strong>GRAD KA\u0160TELA<\/strong><br><strong>GRADSKO VIJE\u0106E<\/strong><\/p>\n\n\n\n<p>KLASA: 021-05\/12- 01\/10<br>URBROJ: 2134\/01-2\/1-12-1<\/p>\n\n\n\n<p>K. Su\u0107urac, 12. srpnja 2012. g.<\/p>\n\n\n\n<p>Na temelju \u010dlanka 74. stavak 1. Poslovnika&nbsp; Gradskog vije\u0107a Grada Ka\u0161tela (\u201cSlu\u017ebeni glasnik Grada Ka\u0161tela\u201d, broj 9\/09 i 7\/10) sazivam<\/p>\n\n\n\n<p><strong>43. sjednicu Gradskog vije\u0107a Grada Ka\u0161tela<\/strong><\/p>\n\n\n\n<p><strong>za dan 24. srpnja (utorak) 2012. g. u 16,00&nbsp; sati u Gradskoj vije\u0107nici<\/strong><\/p>\n\n\n\n<p>Za sjednicu predla\u017eem slijede\u0107i<\/p>\n\n\n\n<p><strong>&nbsp;&nbsp;&nbsp;&nbsp;&nbsp;&nbsp;&nbsp;&nbsp;&nbsp;&nbsp;&nbsp;&nbsp;&nbsp;&nbsp;&nbsp;&nbsp;&nbsp;&nbsp;&nbsp;&nbsp;&nbsp;&nbsp;&nbsp;&nbsp;&nbsp;&nbsp;&nbsp;&nbsp;&nbsp;&nbsp;&nbsp;&nbsp;&nbsp;&nbsp;&nbsp;&nbsp;&nbsp;&nbsp;&nbsp;&nbsp;&nbsp;&nbsp;&nbsp;&nbsp;&nbsp;&nbsp;&nbsp;&nbsp;&nbsp;&nbsp;&nbsp;&nbsp;&nbsp;&nbsp;&nbsp;&nbsp;&nbsp;&nbsp;&nbsp;<\/strong><strong>&nbsp;D n e v n i&nbsp;&nbsp;&nbsp; r e d<\/strong><\/p>\n\n\n\n<p>1. Usvajanje Zapisnika sa 41. i 42. sjednice Gradskog vije\u0107a<\/p>\n\n\n\n<p>2.&nbsp;Izvje\u0161\u0107e Mandatne komisije<\/p>\n\n\n\n<p>\u2013 Izvjestiteljica: Elli Vidovi\u0107, predsjednica Mandatne komisije<\/p>\n\n\n\n<p>3. Vije\u0107ni\u010dka pitanja i prijedlozi<\/p>\n\n\n\n<p>4. Prijedlog Statuta Muzeja Grada Ka\u0161tela<\/p>\n\n\n\n<p>\u2013 Izvjestitelji: Viktorija Ban, predsjednica Upravnog vije\u0107a Gradske knji\u017enice&nbsp; Ka\u0161tela i<\/p>\n\n\n\n<p>Darko Opa\u010dak,&nbsp; pro\u010delnik Upravnog odjela za pravne i kadrovske poslove, dru\u0161tvene<\/p>\n\n\n\n<p>djelatnosti, branitelje i &nbsp;mlade<\/p>\n\n\n\n<p>5. Prijedlog Odluke o imenovanju ravnatelja Javne ustanove \u201cGradska knji\u017enica Ka\u0161tela\u201d<\/p>\n\n\n\n<p>\u2013 Izvjestitelj: Mate \u0160imundi\u0107, predsjednik Upravnog vije\u0107a Gradske knji\u017enice Ka\u0161tela<\/p>\n\n\n\n<p>6.&nbsp;Prijedlog Odluke o izmjenama i dopunama Odluke o autotaksi prijevozu<\/p>\n\n\n\n<p>\u2013 Izvjestiteljica: Nives Vili\u0107, predlagateljica<\/p>\n\n\n\n<p>7.&nbsp;Odluka o izmjenama i dopunama Odluke o obavljanju komunalnih djelatnosti na temelju pisanog ugovora<\/p>\n\n\n\n<p>\u2013 Izvjestitelj: Ronald Rejo, pro\u010delnik Upravnog odjela za&nbsp; urbanizam, graditeljstvo, za\u0161titu<\/p>\n\n\n\n<p>okoli\u0161a, imovinsko-pravne poslove, gospodarenje gradskom imovinom i komunalno<\/p>\n\n\n\n<p>gospodarstvo<\/p>\n\n\n\n<p>8. Izvje\u0161\u0107e o izvr\u0161enju Programa javnih potreba u kulturi za 2011. g.<\/p>\n\n\n\n<p>9.&nbsp; Izvje\u0161\u0107e o izvr\u0161enju Programa javnih potreba u \u0161portu za 2011. g.<\/p>\n\n\n\n<p>10.&nbsp;Izvje\u0161\u0107e o izvr\u0161enju Programa socijalne skrbi i zdravstvene za\u0161tite za 2011. g.<\/p>\n\n\n\n<p>\u2013 Izvjestitelj t. 8. \u2013 10. : Darko Opa\u010dak,&nbsp; pro\u010delnik Upravnog odjela za pravne i kadrovske<\/p>\n\n\n\n<p>poslove,&nbsp; dru\u0161tvene djelatnosti, branitelje i mlade<\/p>\n\n\n\n<p>Predsjednik Gradskog vije\u0107a<\/p>\n\n\n\n<p>Darko Varnica, dipl. iur., v. r.<\/p>\n\n\n\n<p><strong>Napomena:<em>&nbsp;<\/em><\/strong>Do dana odr\u017eavanja sjednice,<br>Vije\u0107nici mogu izvr\u0161iti uvid u kompletnu dokumentaciju pod t.5.<\/p>\n","protected":false},"featured_media":0,"template":"","meta":{"_acf_changed":true},"kategorija-gradskog-vijeca":[79,59],"class_list":["post-15214","gradsko-vijece","type-gradsko-vijece","status-publish","hentry","kategorija-gradskog-vijeca-mandatno-razdoblje-2009-2013","kategorija-gradskog-vijeca-sjednice-gradskog-vijeca"],"acf":[],"_links":{"self":[{"href":"https:\/\/kastela.hr\/en\/wp-json\/wp\/v2\/gradsko-vijece\/15214","targetHints":{"allow":["GET"]}}],"collection":[{"href":"https:\/\/kastela.hr\/en\/wp-json\/wp\/v2\/gradsko-vijece"}],"about":[{"href":"https:\/\/kastela.hr\/en\/wp-json\/wp\/v2\/types\/gradsko-vijece"}],"wp:attachment":[{"href":"https:\/\/kastela.hr\/en\/wp-json\/wp\/v2\/media?parent=15214"}],"wp:term":[{"taxonomy":"kategorija-gradskog-vijeca","embeddable":true,"href":"https:\/\/kastela.hr\/en\/wp-json\/wp\/v2\/kategorija-gradskog-vijeca?post=15214"}],"curies":[{"name":"wp","href":"https:\/\/api.w.org\/{rel}","templated":true}]}}

43. Sjednica Gradskog vijeća

<p>REPUBLIKA HRVATSKA<br><strong>SPLITSKO-DALMATINSKA ŽUPANIJA</strong><br><strong>GRAD KAŠTELA</strong><br><strong>GRADSKO VIJEĆE</strong></p>



<p>KLASA: 021-05/12- 01/10<br>URBROJ: 2134/01-2/1-12-1</p>



<p>K. Sućurac, 12. srpnja 2012. g.</p>



<p>Na temelju članka 74. stavak 1. Poslovnika&nbsp; Gradskog vijeća Grada Kaštela (“Službeni glasnik Grada Kaštela”, broj 9/09 i 7/10) sazivam</p>



<p><strong>43. sjednicu Gradskog vijeća Grada Kaštela</strong></p>



<p><strong>za dan 24. srpnja (utorak) 2012. g. u 16,00&nbsp; sati u Gradskoj vijećnici</strong></p>



<p>Za sjednicu predlažem slijedeći</p>



<p><strong>&nbsp;&nbsp;&nbsp;&nbsp;&nbsp;&nbsp;&nbsp;&nbsp;&nbsp;&nbsp;&nbsp;&nbsp;&nbsp;&nbsp;&nbsp;&nbsp;&nbsp;&nbsp;&nbsp;&nbsp;&nbsp;&nbsp;&nbsp;&nbsp;&nbsp;&nbsp;&nbsp;&nbsp;&nbsp;&nbsp;&nbsp;&nbsp;&nbsp;&nbsp;&nbsp;&nbsp;&nbsp;&nbsp;&nbsp;&nbsp;&nbsp;&nbsp;&nbsp;&nbsp;&nbsp;&nbsp;&nbsp;&nbsp;&nbsp;&nbsp;&nbsp;&nbsp;&nbsp;&nbsp;&nbsp;&nbsp;&nbsp;&nbsp;&nbsp;</strong><strong>&nbsp;D n e v n i&nbsp;&nbsp;&nbsp; r e d</strong></p>



<p>1. Usvajanje Zapisnika sa 41. i 42. sjednice Gradskog vijeća</p>



<p>2.&nbsp;Izvješće Mandatne komisije</p>



<p>– Izvjestiteljica: Elli Vidović, predsjednica Mandatne komisije</p>



<p>3. Vijećnička pitanja i prijedlozi</p>



<p>4. Prijedlog Statuta Muzeja Grada Kaštela</p>



<p>– Izvjestitelji: Viktorija Ban, predsjednica Upravnog vijeća Gradske knjižnice&nbsp; Kaštela i</p>



<p>Darko Opačak,&nbsp; pročelnik Upravnog odjela za pravne i kadrovske poslove, društvene</p>



<p>djelatnosti, branitelje i &nbsp;mlade</p>



<p>5. Prijedlog Odluke o imenovanju ravnatelja Javne ustanove “Gradska knjižnica Kaštela”</p>



<p>– Izvjestitelj: Mate Šimundić, predsjednik Upravnog vijeća Gradske knjižnice Kaštela</p>



<p>6.&nbsp;Prijedlog Odluke o izmjenama i dopunama Odluke o autotaksi prijevozu</p>



<p>– Izvjestiteljica: Nives Vilić, predlagateljica</p>



<p>7.&nbsp;Odluka o izmjenama i dopunama Odluke o obavljanju komunalnih djelatnosti na temelju pisanog ugovora</p>



<p>– Izvjestitelj: Ronald Rejo, pročelnik Upravnog odjela za&nbsp; urbanizam, graditeljstvo, zaštitu</p>



<p>okoliša, imovinsko-pravne poslove, gospodarenje gradskom imovinom i komunalno</p>



<p>gospodarstvo</p>



<p>8. Izvješće o izvršenju Programa javnih potreba u kulturi za 2011. g.</p>



<p>9.&nbsp; Izvješće o izvršenju Programa javnih potreba u športu za 2011. g.</p>



<p>10.&nbsp;Izvješće o izvršenju Programa socijalne skrbi i zdravstvene zaštite za 2011. g.</p>



<p>– Izvjestitelj t. 8. – 10. : Darko Opačak,&nbsp; pročelnik Upravnog odjela za pravne i kadrovske</p>



<p>poslove,&nbsp; društvene djelatnosti, branitelje i mlade</p>



<p>Predsjednik Gradskog vijeća</p>



<p>Darko Varnica, dipl. iur., v. r.</p>



<p><strong>Napomena:<em>&nbsp;</em></strong>Do dana održavanja sjednice,<br>Vijećnici mogu izvršiti uvid u kompletnu dokumentaciju pod t.5.</p>
