{"id":15213,"date":"2012-07-12T16:08:00","date_gmt":"2012-07-12T14:08:00","guid":{"rendered":"https:\/\/kastela.hr\/en\/?post_type=gradsko-vijece&#038;p=15213"},"modified":"2024-11-28T16:10:02","modified_gmt":"2024-11-28T15:10:02","slug":"10-tematska-sjednica-gradskog-vijeca","status":"publish","type":"gradsko-vijece","link":"https:\/\/kastela.hr\/en\/gradsko-vijece\/mandatno-razdoblje-2009-2013\/10-tematska-sjednica-gradskog-vijeca\/","title":{"rendered":"10. Tematska Sjednica Gradskog vije\u0107a"},"content":{"rendered":"\n<p>R E P U B L I K A&nbsp; H R V A T S K A<br>SPLITSKO-DALMATINSKA \u017dUPANIJA<br>GRAD KA\u0160TELA<br>G R A D S K O&nbsp; V I J E \u0106 E<br>21 212 Ka\u0161tel Su\u0107urac, Bra\u0107e Radi\u0107 1<\/p>\n\n\n\n<p>KLASA: 021-05\/12-01\/11<br>URBROJ: 2134\/01-2\/1-12-1<br>K. Su\u0107urac, 12. srpnja 2012. g.<\/p>\n\n\n\n<p>Na temelju \u010dlanka 75.&nbsp; Poslovnika&nbsp; Gradskog vije\u0107a Grada Ka\u0161tela (\u201cSlu\u017ebeni glasnik Grada Ka\u0161tela\u201d, broj 9\/09 i 7\/10) sazivam<\/p>\n\n\n\n<p><strong>10. Tematsku sjednicu Gradskog vije\u0107a Grada Ka\u0161tela<\/strong><\/p>\n\n\n\n<p><strong>\u2013 tema:&nbsp;<em>\u201cSpaljivanje i suspaljivanje otpada II \u201c<\/em><\/strong><strong><em>&nbsp;<\/em><\/strong><strong>&nbsp;&nbsp;&nbsp;&nbsp;<\/strong><\/p>\n\n\n\n<p><strong>za dan 17 . srpnja&nbsp; (utorak) 2012. g. u 16,00&nbsp; sati u Gradskoj vije\u0107nici<\/strong><\/p>\n\n\n\n<p>Za sjednicu predla\u017eem slijede\u0107i<\/p>\n\n\n\n<p><strong>&nbsp;&nbsp;&nbsp;&nbsp;&nbsp;&nbsp;&nbsp;&nbsp;&nbsp;&nbsp;&nbsp;&nbsp;&nbsp;&nbsp;&nbsp;&nbsp;&nbsp;&nbsp;&nbsp;&nbsp;&nbsp;&nbsp;&nbsp;&nbsp;&nbsp;&nbsp;&nbsp;&nbsp;&nbsp;&nbsp;&nbsp;&nbsp;&nbsp;&nbsp; &nbsp;&nbsp;&nbsp;&nbsp;&nbsp;&nbsp;&nbsp;&nbsp;&nbsp;&nbsp;&nbsp;&nbsp;&nbsp;&nbsp;&nbsp;&nbsp;&nbsp;&nbsp;&nbsp;&nbsp;&nbsp;&nbsp;&nbsp; &nbsp;D n e v n i&nbsp;&nbsp;&nbsp; r e d<\/strong><\/p>\n\n\n\n<p>1. Uvodno izlaganje predsjednika Gradskog vije\u0107a<\/p>\n\n\n\n<p>2. Prezentacija Cemexa d.o.o.:&nbsp; \u201cProjekt suspaljivanja zamjenskh goriva u tvornicama Cemexa\u201d<\/p>\n\n\n\n<p>3. Mi\u0161ljenje Povjerenstva za pra\u0107enje stanja okoli\u0161a na \u201cProjekt suspaljivanja zamjenskh goriva u&nbsp;tvornicama Cemexa\u201d<\/p>\n\n\n\n<p>4. Rasprava<\/p>\n\n\n\n<p>Predsjednik Gradskog vije\u0107a<br>Darko Varnica, dipl. iur., v. r.<\/p>\n","protected":false},"featured_media":0,"template":"","meta":{"_acf_changed":false},"kategorija-gradskog-vijeca":[79,59],"class_list":["post-15213","gradsko-vijece","type-gradsko-vijece","status-publish","hentry","kategorija-gradskog-vijeca-mandatno-razdoblje-2009-2013","kategorija-gradskog-vijeca-sjednice-gradskog-vijeca"],"acf":[],"_links":{"self":[{"href":"https:\/\/kastela.hr\/en\/wp-json\/wp\/v2\/gradsko-vijece\/15213","targetHints":{"allow":["GET"]}}],"collection":[{"href":"https:\/\/kastela.hr\/en\/wp-json\/wp\/v2\/gradsko-vijece"}],"about":[{"href":"https:\/\/kastela.hr\/en\/wp-json\/wp\/v2\/types\/gradsko-vijece"}],"wp:attachment":[{"href":"https:\/\/kastela.hr\/en\/wp-json\/wp\/v2\/media?parent=15213"}],"wp:term":[{"taxonomy":"kategorija-gradskog-vijeca","embeddable":true,"href":"https:\/\/kastela.hr\/en\/wp-json\/wp\/v2\/kategorija-gradskog-vijeca?post=15213"}],"curies":[{"name":"wp","href":"https:\/\/api.w.org\/{rel}","templated":true}]}}

10. Tematska Sjednica Gradskog vijeća

<p>R E P U B L I K A&nbsp; H R V A T S K A<br>SPLITSKO-DALMATINSKA ŽUPANIJA<br>GRAD KAŠTELA<br>G R A D S K O&nbsp; V I J E Ć E<br>21 212 Kaštel Sućurac, Braće Radić 1</p>



<p>KLASA: 021-05/12-01/11<br>URBROJ: 2134/01-2/1-12-1<br>K. Sućurac, 12. srpnja 2012. g.</p>



<p>Na temelju članka 75.&nbsp; Poslovnika&nbsp; Gradskog vijeća Grada Kaštela (“Službeni glasnik Grada Kaštela”, broj 9/09 i 7/10) sazivam</p>



<p><strong>10. Tematsku sjednicu Gradskog vijeća Grada Kaštela</strong></p>



<p><strong>– tema:&nbsp;<em>“Spaljivanje i suspaljivanje otpada II “</em></strong><strong><em>&nbsp;</em></strong><strong>&nbsp;&nbsp;&nbsp;&nbsp;</strong></p>



<p><strong>za dan 17 . srpnja&nbsp; (utorak) 2012. g. u 16,00&nbsp; sati u Gradskoj vijećnici</strong></p>



<p>Za sjednicu predlažem slijedeći</p>



<p><strong>&nbsp;&nbsp;&nbsp;&nbsp;&nbsp;&nbsp;&nbsp;&nbsp;&nbsp;&nbsp;&nbsp;&nbsp;&nbsp;&nbsp;&nbsp;&nbsp;&nbsp;&nbsp;&nbsp;&nbsp;&nbsp;&nbsp;&nbsp;&nbsp;&nbsp;&nbsp;&nbsp;&nbsp;&nbsp;&nbsp;&nbsp;&nbsp;&nbsp;&nbsp; &nbsp;&nbsp;&nbsp;&nbsp;&nbsp;&nbsp;&nbsp;&nbsp;&nbsp;&nbsp;&nbsp;&nbsp;&nbsp;&nbsp;&nbsp;&nbsp;&nbsp;&nbsp;&nbsp;&nbsp;&nbsp;&nbsp;&nbsp; &nbsp;D n e v n i&nbsp;&nbsp;&nbsp; r e d</strong></p>



<p>1. Uvodno izlaganje predsjednika Gradskog vijeća</p>



<p>2. Prezentacija Cemexa d.o.o.:&nbsp; “Projekt suspaljivanja zamjenskh goriva u tvornicama Cemexa”</p>



<p>3. Mišljenje Povjerenstva za praćenje stanja okoliša na “Projekt suspaljivanja zamjenskh goriva u&nbsp;tvornicama Cemexa”</p>



<p>4. Rasprava</p>



<p>Predsjednik Gradskog vijeća<br>Darko Varnica, dipl. iur., v. r.</p>
