{"id":15210,"date":"2012-09-05T16:07:00","date_gmt":"2012-09-05T14:07:00","guid":{"rendered":"https:\/\/kastela.hr\/en\/?post_type=gradsko-vijece&#038;p=15210"},"modified":"2024-11-28T16:08:29","modified_gmt":"2024-11-28T15:08:29","slug":"44-sjednica-gradskog-vijeca","status":"publish","type":"gradsko-vijece","link":"https:\/\/kastela.hr\/en\/gradsko-vijece\/mandatno-razdoblje-2009-2013\/44-sjednica-gradskog-vijeca\/","title":{"rendered":"44. Sjednica Gradskog vije\u0107a"},"content":{"rendered":"\n<p>REPUBLIKA HRVATSKA<br>SPLITSKO-DALMATINSKA \u017dUPANIJA<br>GRAD KA\u0160TELA<br>GRADSKO VIJE\u0106E<\/p>\n\n\n\n<p>KLASA: 021-05\/12-01\/12<br>URBROJ: 2134\/01-2-12-1<br>K. Su\u0107urac, 5. rujna 2012. g.<\/p>\n\n\n\n<p>Na temelju \u010dlanka 74. stavak 1. Poslovnika Gradskog vije\u0107a Grada Ka\u0161tela (\u201cSlu\u017ebeni glasnik Grada Ka\u0161tela\u201d, broj 9\/09 i 7\/10) sazivam<\/p>\n\n\n\n<p>44. sjednicu Gradskog vije\u0107a Grada Ka\u0161tela za dan 12. rujna (srijeda) 2012. g. u 16,00 sati u Gradskoj vije\u0107nici<\/p>\n\n\n\n<p>Za sjednicu predla\u017eem slijede\u0107i<\/p>\n\n\n\n<p>Dnevni&nbsp;red<\/p>\n\n\n\n<p>1. Usvajanje zapisnika sa 43. sjednice Gradskog vije\u0107a<\/p>\n\n\n\n<p>2. Vije\u0107ni\u010dka pitanja i prijedlozi<\/p>\n\n\n\n<p>3. Povijesna podloga za Konzervatorski elaborat donjoka\u0161telanske obale (od kule Lodi do luke u Ka\u0161tel Starom)<br>Izvjestitelj: dr. sc. Mladen Domazet<\/p>\n\n\n\n<p>4. Prijedlog Odluke o na\u010dinu i uvjetima sufinanciranja programa privatnih i vjerskih<br>dje\u010djih vrti\u0107a na podru\u010dju Grada Ka\u0161tela<br>Izvjestitelj: Darko Opa\u010dak, pro\u010delnik Upravnog odjela za pravne i kadrovske<br>poslove, dru\u0161tvene djelatnosti, branitelje i mlade<\/p>\n\n\n\n<p>5. Polugodi\u0161nji izvje\u0161taj o izvr\u0161enju prora\u010duna za 2012. godinu<br>Izvjestitelj: An\u0111elko Drnasin, pro\u010delnik Upravnog odjela za financije, prora\u010dun,<br>javnu nabavu i gospodarstvo<\/p>\n\n\n\n<p>Predsjednik Gradskog vije\u0107a<br>Darko Varnica, dipl.iur.,v.r.<\/p>\n","protected":false},"featured_media":0,"template":"","meta":{"_acf_changed":true},"kategorija-gradskog-vijeca":[79,59],"class_list":["post-15210","gradsko-vijece","type-gradsko-vijece","status-publish","hentry","kategorija-gradskog-vijeca-mandatno-razdoblje-2009-2013","kategorija-gradskog-vijeca-sjednice-gradskog-vijeca"],"acf":[],"_links":{"self":[{"href":"https:\/\/kastela.hr\/en\/wp-json\/wp\/v2\/gradsko-vijece\/15210","targetHints":{"allow":["GET"]}}],"collection":[{"href":"https:\/\/kastela.hr\/en\/wp-json\/wp\/v2\/gradsko-vijece"}],"about":[{"href":"https:\/\/kastela.hr\/en\/wp-json\/wp\/v2\/types\/gradsko-vijece"}],"wp:attachment":[{"href":"https:\/\/kastela.hr\/en\/wp-json\/wp\/v2\/media?parent=15210"}],"wp:term":[{"taxonomy":"kategorija-gradskog-vijeca","embeddable":true,"href":"https:\/\/kastela.hr\/en\/wp-json\/wp\/v2\/kategorija-gradskog-vijeca?post=15210"}],"curies":[{"name":"wp","href":"https:\/\/api.w.org\/{rel}","templated":true}]}}

44. Sjednica Gradskog vijeća

<p>REPUBLIKA HRVATSKA<br>SPLITSKO-DALMATINSKA ŽUPANIJA<br>GRAD KAŠTELA<br>GRADSKO VIJEĆE</p>



<p>KLASA: 021-05/12-01/12<br>URBROJ: 2134/01-2-12-1<br>K. Sućurac, 5. rujna 2012. g.</p>



<p>Na temelju članka 74. stavak 1. Poslovnika Gradskog vijeća Grada Kaštela (“Službeni glasnik Grada Kaštela”, broj 9/09 i 7/10) sazivam</p>



<p>44. sjednicu Gradskog vijeća Grada Kaštela za dan 12. rujna (srijeda) 2012. g. u 16,00 sati u Gradskoj vijećnici</p>



<p>Za sjednicu predlažem slijedeći</p>



<p>Dnevni&nbsp;red</p>



<p>1. Usvajanje zapisnika sa 43. sjednice Gradskog vijeća</p>



<p>2. Vijećnička pitanja i prijedlozi</p>



<p>3. Povijesna podloga za Konzervatorski elaborat donjokaštelanske obale (od kule Lodi do luke u Kaštel Starom)<br>Izvjestitelj: dr. sc. Mladen Domazet</p>



<p>4. Prijedlog Odluke o načinu i uvjetima sufinanciranja programa privatnih i vjerskih<br>dječjih vrtića na području Grada Kaštela<br>Izvjestitelj: Darko Opačak, pročelnik Upravnog odjela za pravne i kadrovske<br>poslove, društvene djelatnosti, branitelje i mlade</p>



<p>5. Polugodišnji izvještaj o izvršenju proračuna za 2012. godinu<br>Izvjestitelj: Anđelko Drnasin, pročelnik Upravnog odjela za financije, proračun,<br>javnu nabavu i gospodarstvo</p>



<p>Predsjednik Gradskog vijeća<br>Darko Varnica, dipl.iur.,v.r.</p>
