{"id":15196,"date":"2012-09-25T16:05:00","date_gmt":"2012-09-25T14:05:00","guid":{"rendered":"https:\/\/kastela.hr\/en\/?post_type=gradsko-vijece&#038;p=15196"},"modified":"2024-11-28T16:07:29","modified_gmt":"2024-11-28T15:07:29","slug":"45-sjednica-gradskog-vijeca","status":"publish","type":"gradsko-vijece","link":"https:\/\/kastela.hr\/en\/gradsko-vijece\/mandatno-razdoblje-2009-2013\/45-sjednica-gradskog-vijeca\/","title":{"rendered":"45. Sjednica Gradskog vije\u0107a"},"content":{"rendered":"\n<p>REPUBLIKA HRVATSKA<br>SPLITSKO-DALMATINSKA \u017dUPANIJA<br>GRAD KA\u0160TELA<br>GRADSKO VIJE\u0106E<\/p>\n\n\n\n<p>KLASA: 021-05\/12-01\/13<br>URBROJ: 2134\/01-2-12-1<br>K. Su\u0107urac, 25. rujna 2012. g.<\/p>\n\n\n\n<p>Na temelju \u010dlanka 74. stavak 1. Poslovnika Gradskog vije\u0107a Grada Ka\u0161tela (\u201cSlu\u017ebeni glasnik Grada Ka\u0161tela\u201d, broj 9\/09 i 7\/10) sazivam<\/p>\n\n\n\n<p>45. sjednicu Gradskog vije\u0107a Grada Ka\u0161tela za dan 1. listopada (ponedjeljak) 2012. g. u 16,00 sati u Gradskoj vije\u0107nici<\/p>\n\n\n\n<p>Za sjednicu predla\u017eem slijede\u0107i<\/p>\n\n\n\n<p><strong>Dnevni&nbsp;red<\/strong><\/p>\n\n\n\n<p>1. Usvajanje zapisnika sa 44. sjednice Gradskog vije\u0107a<\/p>\n\n\n\n<p>2. Vije\u0107ni\u010dka pitanja i prijedlozi<\/p>\n\n\n\n<p>3.Izvje\u0161\u0107e o realizaciji EKO projekta na podru\u010dju grada Ka\u0161tela<br>Izvjestitelj: Mladen Mimica dipl. ing. gra\u0111., izvr\u0161ni direktor ustanove Eko Ka\u0161telanski zaljev<\/p>\n\n\n\n<p>4. Izvje\u0161\u0107e Gradona\u010delnika za razdoblje sije\u010danj \u2013 lipanj 2012. godine<\/p>\n\n\n\n<p>5. Prijedlog Odluke o najvi\u0161em broju eta\u017ea na nezakonito izgra\u0111enoj zgradi izgra\u0111enoj protivno prostornom planu<\/p>\n\n\n\n<p>6. Prijedlog Izmjena Programa odr\u017eavanja komunalne infrastrukture u Gradu Ka\u0161tela za 2012. godinu<\/p>\n\n\n\n<p>7. Prijedlog Izmjena i dopuna Programa gradnje objekata i ure\u0111aja komunalne infrastrukture za 2012.g.<\/p>\n\n\n\n<p>8. Prijedlog Izmjena Plana gradnje komunalnih vodih gradjevina u Gradu Ka\u0161tela za 2012.g.<br>\u2013 Izvjestitelj t. 5. do t. 8.: Ronald Rejo, pro\u010delnik Upravnog odjela za urbanizam, graditeljstvo, za\u0161titu okoli\u0161a, imovinsko-pravne poslove, gospodarenje gradskom imovinom i komunalno gospodarstvo<\/p>\n\n\n\n<p>9. Prijedlog II. Izmjena Prora\u010duna Grada Ka\u0161tela za 2012. g.<\/p>\n\n\n\n<p>10. Izvje\u0161\u0107e o obavljenoj financijskoj reviziji Grada Ka\u0161tela za 2011.godinu<br>\u2013 Izvjestitelj t. 9. i t. 10.: An\u0111elko Drnasin, pro\u010delnik Upravnog odjela za financije, prora\u010dun, javnu nabavu i gospodarstvo<\/p>\n\n\n\n<p>11. . Prijedlog Odluke o izmjeni Odluke o osnivanju Sto\u017eera za\u0161tite i spa\u0161avanja Grada Ka\u0161tela<\/p>\n\n\n\n<p>12. Prijedlog Odluke o izmjeni Odluke o osnivanju Zapovjedni\u0161tva civilne za\u0161tite Grada Ka\u0161tela<br>\u2013 Izvjestitelj t 11. i t. 12.: Darko Opa\u010dak, pro\u010delnik Upravnog odjela za pravne i kadrovske poslove, dru\u0161tvene djelatnosti, branitelje i mlade<\/p>\n\n\n\n<p>13. Prijedlog Odluke o imenovanju vr\u0161iteljice du\u017enosti ravnateljice Javne ustanove \u201cGradska knji\u017enica Ka\u0161tela\u201d<br>\u2013 Izvjestitelj: Mate \u0160imundi\u0107, predsjednik Upravnog vije\u0107a Gradske knji\u017enice Ka\u0161tela<\/p>\n\n\n\n<p>14. Prijedlog Zaklju\u010dka povodom rasprave o Povijesnoj podlozi za izradu Konzervatorskog elaborata donjoka\u0161telanske obale<br>\u2013 Izvjestitelj: Darko Varnica, predsjednik Gradskog vije\u0107a<\/p>\n\n\n\n<p>Predsjednik Gradskog vije\u0107a<br>Darko Varnica, dipl. iur., v. r.<\/p>\n","protected":false},"featured_media":0,"template":"","meta":{"_acf_changed":true},"kategorija-gradskog-vijeca":[79,59],"class_list":["post-15196","gradsko-vijece","type-gradsko-vijece","status-publish","hentry","kategorija-gradskog-vijeca-mandatno-razdoblje-2009-2013","kategorija-gradskog-vijeca-sjednice-gradskog-vijeca"],"acf":[],"_links":{"self":[{"href":"https:\/\/kastela.hr\/en\/wp-json\/wp\/v2\/gradsko-vijece\/15196","targetHints":{"allow":["GET"]}}],"collection":[{"href":"https:\/\/kastela.hr\/en\/wp-json\/wp\/v2\/gradsko-vijece"}],"about":[{"href":"https:\/\/kastela.hr\/en\/wp-json\/wp\/v2\/types\/gradsko-vijece"}],"wp:attachment":[{"href":"https:\/\/kastela.hr\/en\/wp-json\/wp\/v2\/media?parent=15196"}],"wp:term":[{"taxonomy":"kategorija-gradskog-vijeca","embeddable":true,"href":"https:\/\/kastela.hr\/en\/wp-json\/wp\/v2\/kategorija-gradskog-vijeca?post=15196"}],"curies":[{"name":"wp","href":"https:\/\/api.w.org\/{rel}","templated":true}]}}

45. Sjednica Gradskog vijeća

<p>REPUBLIKA HRVATSKA<br>SPLITSKO-DALMATINSKA ŽUPANIJA<br>GRAD KAŠTELA<br>GRADSKO VIJEĆE</p>



<p>KLASA: 021-05/12-01/13<br>URBROJ: 2134/01-2-12-1<br>K. Sućurac, 25. rujna 2012. g.</p>



<p>Na temelju članka 74. stavak 1. Poslovnika Gradskog vijeća Grada Kaštela (“Službeni glasnik Grada Kaštela”, broj 9/09 i 7/10) sazivam</p>



<p>45. sjednicu Gradskog vijeća Grada Kaštela za dan 1. listopada (ponedjeljak) 2012. g. u 16,00 sati u Gradskoj vijećnici</p>



<p>Za sjednicu predlažem slijedeći</p>



<p><strong>Dnevni&nbsp;red</strong></p>



<p>1. Usvajanje zapisnika sa 44. sjednice Gradskog vijeća</p>



<p>2. Vijećnička pitanja i prijedlozi</p>



<p>3.Izvješće o realizaciji EKO projekta na području grada Kaštela<br>Izvjestitelj: Mladen Mimica dipl. ing. građ., izvršni direktor ustanove Eko Kaštelanski zaljev</p>



<p>4. Izvješće Gradonačelnika za razdoblje siječanj – lipanj 2012. godine</p>



<p>5. Prijedlog Odluke o najvišem broju etaža na nezakonito izgrađenoj zgradi izgrađenoj protivno prostornom planu</p>



<p>6. Prijedlog Izmjena Programa održavanja komunalne infrastrukture u Gradu Kaštela za 2012. godinu</p>



<p>7. Prijedlog Izmjena i dopuna Programa gradnje objekata i uređaja komunalne infrastrukture za 2012.g.</p>



<p>8. Prijedlog Izmjena Plana gradnje komunalnih vodih gradjevina u Gradu Kaštela za 2012.g.<br>– Izvjestitelj t. 5. do t. 8.: Ronald Rejo, pročelnik Upravnog odjela za urbanizam, graditeljstvo, zaštitu okoliša, imovinsko-pravne poslove, gospodarenje gradskom imovinom i komunalno gospodarstvo</p>



<p>9. Prijedlog II. Izmjena Proračuna Grada Kaštela za 2012. g.</p>



<p>10. Izvješće o obavljenoj financijskoj reviziji Grada Kaštela za 2011.godinu<br>– Izvjestitelj t. 9. i t. 10.: Anđelko Drnasin, pročelnik Upravnog odjela za financije, proračun, javnu nabavu i gospodarstvo</p>



<p>11. . Prijedlog Odluke o izmjeni Odluke o osnivanju Stožera zaštite i spašavanja Grada Kaštela</p>



<p>12. Prijedlog Odluke o izmjeni Odluke o osnivanju Zapovjedništva civilne zaštite Grada Kaštela<br>– Izvjestitelj t 11. i t. 12.: Darko Opačak, pročelnik Upravnog odjela za pravne i kadrovske poslove, društvene djelatnosti, branitelje i mlade</p>



<p>13. Prijedlog Odluke o imenovanju vršiteljice dužnosti ravnateljice Javne ustanove “Gradska knjižnica Kaštela”<br>– Izvjestitelj: Mate Šimundić, predsjednik Upravnog vijeća Gradske knjižnice Kaštela</p>



<p>14. Prijedlog Zaključka povodom rasprave o Povijesnoj podlozi za izradu Konzervatorskog elaborata donjokaštelanske obale<br>– Izvjestitelj: Darko Varnica, predsjednik Gradskog vijeća</p>



<p>Predsjednik Gradskog vijeća<br>Darko Varnica, dipl. iur., v. r.</p>
