{"id":15185,"date":"2012-10-01T16:04:00","date_gmt":"2012-10-01T14:04:00","guid":{"rendered":"https:\/\/kastela.hr\/en\/?post_type=gradsko-vijece&#038;p=15185"},"modified":"2024-11-28T16:05:38","modified_gmt":"2024-11-28T15:05:38","slug":"46-sjednica-gradskog-vijeca","status":"publish","type":"gradsko-vijece","link":"https:\/\/kastela.hr\/en\/gradsko-vijece\/mandatno-razdoblje-2009-2013\/46-sjednica-gradskog-vijeca\/","title":{"rendered":"46. Sjednica Gradskog vije\u0107a"},"content":{"rendered":"\n<p><strong>Nastavak 46. sjednice Gradskog vije\u0107a Ka\u0161tela odr\u017eat \u0107e se u srijedu 31. listopada s po\u010detkom u 15 sati.<\/strong><em><strong>Sjednica Gradskog vije\u0107a Ka\u0161tela<\/strong><\/em><br><strong>46. sjednica Gradskog vije\u0107a Grada Ka\u0161tela odr\u017eat \u0107e se&nbsp; 25. listopada (\u010detvrtak) 2012. g. u 16,00 sati u Gradskoj vije\u0107nici<\/strong><\/p>\n\n\n\n<p>Dnevni red:<\/p>\n\n\n\n<p>1. Usvajanje Zapisnika sa 45. sjednice Gradskog vije\u0107a<\/p>\n\n\n\n<p>2.Vije\u0107ni\u010dka pitanja i prijedlozi<\/p>\n\n\n\n<p>3. Prijedlog II. Izmjena Prora\u010duna Grada Ka\u0161tela za 2012. g.<br>\u2013 Izvjestitelj : An\u0111elko Drnasin, pro\u010delnik Upravnog odjela za financije, prora\u010dun, javnu nabavu i gospodarstvo<\/p>\n\n\n\n<p>4. Prijedlog Izmjena Programa odr\u017eavanja komunalne infrastrukture u Gradu Ka\u0161tela za 2012. godinu<\/p>\n\n\n\n<p>5.Prijedlog Izmjena i dopuna Programa gradnje objekata i ure\u0111aja komunalne infrastrukture za 2012. godinu<\/p>\n\n\n\n<p>6. Prijedlog Izmjena i dopuna Plana gradnje komunalnih vodnih gra\u0111evina u Gradu&nbsp;Ka\u0161tela za 2012. godinu<br>\u2013 Izvjestitelj t. 4. do t. 6.: Ronald Rejo, pro\u010delnik Upravnog odjela za urbanizam&nbsp;graditeljstvo, za\u0161titu okoli\u0161a, imovinsko-pravne poslove, gospodarenje gradskom imovinom i komunalno gospodarstvo<\/p>\n\n\n\n<p>7. Rasprava o Nacrtu Strategije kulturnog razvoja Grada Ka\u0161tela<br>\u2013 Izvjestitelj: Jo\u0161ko Grgin, \u010dlan Kulturnog vije\u0107a Grada Ka\u0161tela<\/p>\n\n\n\n<p>8. Rasprava o stanju u prostoru na podru\u010dju ex Adriavinila<br>\u2013 Izvjestitelj: Darko Varnica, predsjednik Gradskog vije\u0107a<\/p>\n\n\n\n<p>9.&nbsp;Prijedlog Odluke o imenovanju ravnateljice Muzeja grada Ka\u0161tela<br>\u2013 Izvjestiteljica: Viktorija Ban, predsjednica Upravnog vije\u0107a Muzeja grada Ka\u0161tela<\/p>\n\n\n\n<p>10.&nbsp;Prijedlog Rje\u0161enja o razrje\u0161enju \u010dlana upravnog vije\u0107a Gradske knji\u017enice Ka\u0161tela<br>11.&nbsp;Prijedlog Rjesenja o razrjesenju \u010dlanice Kulturnog vije\u0107a<br>\u2013 Izvjestiteljica t. 10. \u2013 12. : Nives Vili\u0107, predsjednica Odbora za izbor i imenovanja<\/p>\n\n\n\n<p>Predsjednik Gradskog vije\u0107a<br>Darko Varnica, dipl. iur., v. r.<\/p>\n\n\n\n<p>Napomena:<br>Materijali za to\u010dke 2., 3., 4. i 5. dostavljeni su uz materijale za 45. sjednicu Gradskog vije\u0107a<\/p>\n","protected":false},"featured_media":0,"template":"","meta":{"_acf_changed":true},"kategorija-gradskog-vijeca":[79,59],"class_list":["post-15185","gradsko-vijece","type-gradsko-vijece","status-publish","hentry","kategorija-gradskog-vijeca-mandatno-razdoblje-2009-2013","kategorija-gradskog-vijeca-sjednice-gradskog-vijeca"],"acf":[],"_links":{"self":[{"href":"https:\/\/kastela.hr\/en\/wp-json\/wp\/v2\/gradsko-vijece\/15185","targetHints":{"allow":["GET"]}}],"collection":[{"href":"https:\/\/kastela.hr\/en\/wp-json\/wp\/v2\/gradsko-vijece"}],"about":[{"href":"https:\/\/kastela.hr\/en\/wp-json\/wp\/v2\/types\/gradsko-vijece"}],"wp:attachment":[{"href":"https:\/\/kastela.hr\/en\/wp-json\/wp\/v2\/media?parent=15185"}],"wp:term":[{"taxonomy":"kategorija-gradskog-vijeca","embeddable":true,"href":"https:\/\/kastela.hr\/en\/wp-json\/wp\/v2\/kategorija-gradskog-vijeca?post=15185"}],"curies":[{"name":"wp","href":"https:\/\/api.w.org\/{rel}","templated":true}]}}

46. Sjednica Gradskog vijeća

<p><strong>Nastavak 46. sjednice Gradskog vijeća Kaštela održat će se u srijedu 31. listopada s početkom u 15 sati.</strong><em><strong>Sjednica Gradskog vijeća Kaštela</strong></em><br><strong>46. sjednica Gradskog vijeća Grada Kaštela održat će se&nbsp; 25. listopada (četvrtak) 2012. g. u 16,00 sati u Gradskoj vijećnici</strong></p>



<p>Dnevni red:</p>



<p>1. Usvajanje Zapisnika sa 45. sjednice Gradskog vijeća</p>



<p>2.Vijećnička pitanja i prijedlozi</p>



<p>3. Prijedlog II. Izmjena Proračuna Grada Kaštela za 2012. g.<br>– Izvjestitelj : Anđelko Drnasin, pročelnik Upravnog odjela za financije, proračun, javnu nabavu i gospodarstvo</p>



<p>4. Prijedlog Izmjena Programa održavanja komunalne infrastrukture u Gradu Kaštela za 2012. godinu</p>



<p>5.Prijedlog Izmjena i dopuna Programa gradnje objekata i uređaja komunalne infrastrukture za 2012. godinu</p>



<p>6. Prijedlog Izmjena i dopuna Plana gradnje komunalnih vodnih građevina u Gradu&nbsp;Kaštela za 2012. godinu<br>– Izvjestitelj t. 4. do t. 6.: Ronald Rejo, pročelnik Upravnog odjela za urbanizam&nbsp;graditeljstvo, zaštitu okoliša, imovinsko-pravne poslove, gospodarenje gradskom imovinom i komunalno gospodarstvo</p>



<p>7. Rasprava o Nacrtu Strategije kulturnog razvoja Grada Kaštela<br>– Izvjestitelj: Joško Grgin, član Kulturnog vijeća Grada Kaštela</p>



<p>8. Rasprava o stanju u prostoru na području ex Adriavinila<br>– Izvjestitelj: Darko Varnica, predsjednik Gradskog vijeća</p>



<p>9.&nbsp;Prijedlog Odluke o imenovanju ravnateljice Muzeja grada Kaštela<br>– Izvjestiteljica: Viktorija Ban, predsjednica Upravnog vijeća Muzeja grada Kaštela</p>



<p>10.&nbsp;Prijedlog Rješenja o razrješenju člana upravnog vijeća Gradske knjižnice Kaštela<br>11.&nbsp;Prijedlog Rjesenja o razrjesenju članice Kulturnog vijeća<br>– Izvjestiteljica t. 10. – 12. : Nives Vilić, predsjednica Odbora za izbor i imenovanja</p>



<p>Predsjednik Gradskog vijeća<br>Darko Varnica, dipl. iur., v. r.</p>



<p>Napomena:<br>Materijali za točke 2., 3., 4. i 5. dostavljeni su uz materijale za 45. sjednicu Gradskog vijeća</p>
