{"id":15101,"date":"2013-04-11T15:46:00","date_gmt":"2013-04-11T13:46:00","guid":{"rendered":"https:\/\/kastela.hr\/en\/?post_type=gradsko-vijece&#038;p=15101"},"modified":"2024-11-28T15:55:33","modified_gmt":"2024-11-28T14:55:33","slug":"55-sjednica-gradskog-vijeca","status":"publish","type":"gradsko-vijece","link":"https:\/\/kastela.hr\/en\/gradsko-vijece\/mandatno-razdoblje-2009-2013\/55-sjednica-gradskog-vijeca\/","title":{"rendered":"55. Sjednica Gradskog vije\u0107a"},"content":{"rendered":"\n<p>REPUBLIKA HRVATSKA<br>SPLITSKO-DALMATINSKA \u017dUPANIJA<br>GRAD KA\u0160TELA<br>G R A D S K O&nbsp; V I J E \u0106E<\/p>\n\n\n\n<p>KLASA: 021-05\/13-01\/0006<br>URBROJ: 2134\/01-2-13-1<br>K. Su\u0107urac, 11. travnja 2013. g.<\/p>\n\n\n\n<p>Na temelju \u010dlanka 74. stavak 1. Poslovnika Gradskog vije\u0107a Grada Ka\u0161tela (\u201cSlu\u017ebeni glasnik Grada Ka\u0161tela\u201d, broj 9\/09 i 7\/10) sazivam<\/p>\n\n\n\n<p>&nbsp;55. sjednicu Gradskog vije\u0107a Grada Ka\u0161tela<\/p>\n\n\n\n<p>za dan 17. travnja (srijeda ) 2013. g. u 16,00 sati u Gradskoj vije\u0107nici<\/p>\n\n\n\n<p>Za sjednicu predla\u017eem slijede\u0107i<\/p>\n\n\n\n<p>Dnevni red<\/p>\n\n\n\n<p>1. Usvajanje Zapisnika sa 53. sjednice Gradskog vije\u0107a<\/p>\n\n\n\n<p>2. Rasprava o ugovornom odnosu o organizaciji odr\u017eavanja \u010disto\u0107e na podru\u010dju grada Ka\u0161tela<br>\u2013 Izvjestitelj: Josip Berket, Gradona\u010delnik<\/p>\n\n\n\n<p>3. Prijedlog Zaklju\u010dka o davanju suglasnosti za sklapanje Sporazuma o na\u010dinu definiranja obveze pla\u0107anja komunalne naknade za Ka\u0161telanske staklenike d.d.<br>\u2013 Izvjestitelj: Josip Berket, Gradona\u010delnik<\/p>\n\n\n\n<p>4. Prijedlog Zaklju\u010dka o prihva\u0107anju Prijedloga Plana financijskog i operativnog restrukturiranja dru\u0161tva Konstruktor \u2013 in\u017eenjering d.d. za razdoblje 2013.-2017. g.<br>\u2013 Izvjestitelj: Josip Berket, Gradona\u010delnik<\/p>\n\n\n\n<p>5. Prijedlog Odluke o izboru \u010dlanice Savjeta mladih<\/p>\n\n\n\n<p>6. Davanje suglasnosti na Odluke o dodjeli prostora na kori\u0161tenje bez naknade<br>a) Udruzi \u201cSv. Jeronim\u201d<br>b) Zajednici Albanaca Splitsko \u2013 dalmatinske \u017eupanije<br>c) Udruzi za promicanje i za\u0161titu Ustavom zajam\u010denih prava gra\u0111ana<br>d) Muzeju Grada Ka\u0161tela<br>\u2013 Izvjestiteljica: Kasja Bedalov, savjetnica za imovinsko pravne poslove i gospodarenje gradskom imovinom<\/p>\n\n\n\n<p>Predsjednik Gradskog vije\u0107a<br>Darko Varnica, dipl. iur., v. r.<\/p>\n","protected":false},"featured_media":0,"template":"","meta":{"_acf_changed":true},"kategorija-gradskog-vijeca":[79,59],"class_list":["post-15101","gradsko-vijece","type-gradsko-vijece","status-publish","hentry","kategorija-gradskog-vijeca-mandatno-razdoblje-2009-2013","kategorija-gradskog-vijeca-sjednice-gradskog-vijeca"],"acf":[],"_links":{"self":[{"href":"https:\/\/kastela.hr\/en\/wp-json\/wp\/v2\/gradsko-vijece\/15101","targetHints":{"allow":["GET"]}}],"collection":[{"href":"https:\/\/kastela.hr\/en\/wp-json\/wp\/v2\/gradsko-vijece"}],"about":[{"href":"https:\/\/kastela.hr\/en\/wp-json\/wp\/v2\/types\/gradsko-vijece"}],"wp:attachment":[{"href":"https:\/\/kastela.hr\/en\/wp-json\/wp\/v2\/media?parent=15101"}],"wp:term":[{"taxonomy":"kategorija-gradskog-vijeca","embeddable":true,"href":"https:\/\/kastela.hr\/en\/wp-json\/wp\/v2\/kategorija-gradskog-vijeca?post=15101"}],"curies":[{"name":"wp","href":"https:\/\/api.w.org\/{rel}","templated":true}]}}

55. Sjednica Gradskog vijeća

<p>REPUBLIKA HRVATSKA<br>SPLITSKO-DALMATINSKA ŽUPANIJA<br>GRAD KAŠTELA<br>G R A D S K O&nbsp; V I J E ĆE</p>



<p>KLASA: 021-05/13-01/0006<br>URBROJ: 2134/01-2-13-1<br>K. Sućurac, 11. travnja 2013. g.</p>



<p>Na temelju članka 74. stavak 1. Poslovnika Gradskog vijeća Grada Kaštela (“Službeni glasnik Grada Kaštela”, broj 9/09 i 7/10) sazivam</p>



<p>&nbsp;55. sjednicu Gradskog vijeća Grada Kaštela</p>



<p>za dan 17. travnja (srijeda ) 2013. g. u 16,00 sati u Gradskoj vijećnici</p>



<p>Za sjednicu predlažem slijedeći</p>



<p>Dnevni red</p>



<p>1. Usvajanje Zapisnika sa 53. sjednice Gradskog vijeća</p>



<p>2. Rasprava o ugovornom odnosu o organizaciji održavanja čistoće na području grada Kaštela<br>– Izvjestitelj: Josip Berket, Gradonačelnik</p>



<p>3. Prijedlog Zaključka o davanju suglasnosti za sklapanje Sporazuma o načinu definiranja obveze plaćanja komunalne naknade za Kaštelanske staklenike d.d.<br>– Izvjestitelj: Josip Berket, Gradonačelnik</p>



<p>4. Prijedlog Zaključka o prihvaćanju Prijedloga Plana financijskog i operativnog restrukturiranja društva Konstruktor – inženjering d.d. za razdoblje 2013.-2017. g.<br>– Izvjestitelj: Josip Berket, Gradonačelnik</p>



<p>5. Prijedlog Odluke o izboru članice Savjeta mladih</p>



<p>6. Davanje suglasnosti na Odluke o dodjeli prostora na korištenje bez naknade<br>a) Udruzi “Sv. Jeronim”<br>b) Zajednici Albanaca Splitsko – dalmatinske županije<br>c) Udruzi za promicanje i zaštitu Ustavom zajamčenih prava građana<br>d) Muzeju Grada Kaštela<br>– Izvjestiteljica: Kasja Bedalov, savjetnica za imovinsko pravne poslove i gospodarenje gradskom imovinom</p>



<p>Predsjednik Gradskog vijeća<br>Darko Varnica, dipl. iur., v. r.</p>
