{"id":15087,"date":"2013-04-06T15:43:00","date_gmt":"2013-04-06T13:43:00","guid":{"rendered":"https:\/\/kastela.hr\/en\/?post_type=gradsko-vijece&#038;p=15087"},"modified":"2024-11-28T15:55:33","modified_gmt":"2024-11-28T14:55:33","slug":"54-sjednica-gradskog-vijeca-nastavak","status":"publish","type":"gradsko-vijece","link":"https:\/\/kastela.hr\/en\/gradsko-vijece\/mandatno-razdoblje-2009-2013\/54-sjednica-gradskog-vijeca-nastavak\/","title":{"rendered":"54. Sjednica Gradskog vije\u0107a (nastavak)"},"content":{"rendered":"\n<p>REPUBLIKA HRVATSKA<br>SPLITSKO-DALMATINSKA \u017dUPANIJA<br>GRAD KA\u0160TELA<br>GRADSKO VIJE\u0106E<\/p>\n\n\n\n<p>KLASA: 021-05\/13-01\/0005<br>URBROJ: 2134\/01-2-13- 2<br>K. Su\u0107urac, 11. travnja 2013. g.<\/p>\n\n\n\n<p>\u2013 Gradona\u010delniku<br>\u2013 Vije\u0107nicima Gradskog vije\u0107a<\/p>\n\n\n\n<p>Predmet: Nastavak 54. sjednice Gradskog vije\u0107a<\/p>\n\n\n\n<p>\u2013 obavijest, se daje<\/p>\n\n\n\n<p>Na temelju \u010dlanka 87. Poslovnika Gradskog vije\u0107a Grada Ka\u0161tela (\u201cSlu\u017ebeni glasnik Grada Ka\u0161tela\u201d, broj 9\/09 i 7\/10) obavje\u0161tavam Vas da \u0107e se nastavak 54. sjednice Gradskog vije\u0107a Grada Ka\u0161tela odr\u017eati dana 16. travnja (utorak) 2013. g. u 16,00 sati u Gradskoj vije\u0107nici prema utvr\u0111enom Dnevnom redu te s prijedlogom za dopunu:<\/p>\n\n\n\n<p>Prijedlog Zaklju\u010dka o prihva\u0107anju Prijedloga Plana financijskog i operativnog restrukturiranja dru\u0161tva Konstruktor- in\u017eenjering d.d. za razdoblje 2013.-2017.g.<br>\u2013 Izvjestitelj: Josip Berket, Gradona\u010delnik.<\/p>\n\n\n\n<p><strong>Preostale to\u010dke Dnevnog reda:<\/strong><\/p>\n\n\n\n<p>13. Prijedlog Odluke o stavljanju izvan snage Odluke o premje\u0161tanju nepravilno parkiranih vozila<br>Izvjestitelj: Stjepan Maglica, predlagatelj<\/p>\n\n\n\n<p>14. Prijedlog Godi\u0161njeg izvje\u0161taja o izvr\u0161enju Prora\u010duna Grada Ka\u0161tela za 2012.g.<\/p>\n\n\n\n<p>\u2013 Izvjestitelj: An\u0111elko Drnasin, pro\u010delnik Upravnog odjela za financije, prora\u010dun, javnu nabavu i gospodarstvo<\/p>\n\n\n\n<p>15. Izvje\u0161\u0107e o radu Gradona\u010delnika za razdoblje srpanj-prosinac 2012.godine<\/p>\n\n\n\n<p>Izvjestitelj: Josip Berket, gradona\u010delnik<\/p>\n\n\n\n<p>16. Prijedlog Odluke o izmjeni Odluke o osnivanju komunalnog trgova\u010dkog dru\u0161tva Zeleno i modro d.o.o.<\/p>\n\n\n\n<p>17. Prijedlog Odluke o organizaciji parkiranja<\/p>\n\n\n\n<p>18. Prijedlog Odluke o izmjeni Odluke o osnivanju Vlastitog pogona za obavljanje komunalnih djelatnosti u gradu Ka\u0161tela<\/p>\n\n\n\n<p>19. Prijedlog Odluke o komunalnim djelatnostima lokalnog zna\u010daja<\/p>\n\n\n\n<p>\u2013 Izvjestitelj t. 16. do t. 19.: Ronald Rejo, pro\u010delnik Upravnog odjela za urbanizam graditeljstvo,<\/p>\n\n\n\n<p>za\u0161titu okoli\u0161a, imovinsko-pravne poslove, gospodarenje gradskom imovinom i komunalno gospodarstvo<\/p>\n\n\n\n<p>20. Prijedlog Izmjena i dopuna Statuta Grada Ka\u0161tela<\/p>\n\n\n\n<p>21. Prijedlog Izmjena i dopuna Poslovnika Gradskog vije\u0107a Grada Ka\u0161tela<\/p>\n\n\n\n<p>Izvjestiteljica t. 20. i t. 21. : Vi\u0161nja \u0160pika, tajnica Vije\u0107a<\/p>\n\n\n\n<p>22. Prijedlog Rje\u0161enja o izmjeni Rje\u0161enja o odre\u0111ivanju imena ulica i trgova na podru\u010dju naselja Ka\u0161tel Su\u0107urac<\/p>\n\n\n\n<p>\u2013 Izvjestitelj: Damir Roso, predsjednik Odbora za mjesnu samoupravu<\/p>\n\n\n\n<p>23. Prijedlog Zaklju\u010dka o Inicijativi za izdvajanje etno -eko sela Opor (Boti\u0107) iz Op\u0107ine Prgomet i priklju\u010denje Gradu Ka\u0161tela<\/p>\n\n\n\n<p>Izvjestitelj: Darko Varnica, predsjednik Vije\u0107a<\/p>\n\n\n\n<p>24. Davanje suglasnosti na Odluke o dodjeli prostora na kori\u0161tenje bez naknade<\/p>\n\n\n\n<p>a) Dom za djecu Maestral<br>b) Udrugu roditelja djece s posebnim potrebama \u201cNa\u0161a dica\u201d<br>c) Hrvatsku gorsku slu\u017ebu spa\u0161avanja Split<br>d) Hrvatski vesla\u010dki klub \u201cMarina Ka\u0161tela\u201d<br>e) Dru\u0161tvo za o\u010duvanje kulturne ba\u0161tine \u201cBija\u0107i\u201d<br>f) Udrugu navija\u010da Hajduka \u201cTorcida Donja Ka\u0161tela\u201d<br>g) Muzej Grada Ka\u0161tela<br>h) Udrugu roditelja i udovica poginulih branitelja Domovinskog rata grada Ka\u0161tela i Ka\u0161telanske zagore<\/p>\n\n\n\n<p>\u2013 Izvjestiteljica: Kasja Bedalov, savjetnica za imovinsko pravne poslove i gospodarenje gradskom imovinom<\/p>\n","protected":false},"featured_media":0,"template":"","meta":{"_acf_changed":true},"kategorija-gradskog-vijeca":[79,59],"class_list":["post-15087","gradsko-vijece","type-gradsko-vijece","status-publish","hentry","kategorija-gradskog-vijeca-mandatno-razdoblje-2009-2013","kategorija-gradskog-vijeca-sjednice-gradskog-vijeca"],"acf":[],"_links":{"self":[{"href":"https:\/\/kastela.hr\/en\/wp-json\/wp\/v2\/gradsko-vijece\/15087","targetHints":{"allow":["GET"]}}],"collection":[{"href":"https:\/\/kastela.hr\/en\/wp-json\/wp\/v2\/gradsko-vijece"}],"about":[{"href":"https:\/\/kastela.hr\/en\/wp-json\/wp\/v2\/types\/gradsko-vijece"}],"wp:attachment":[{"href":"https:\/\/kastela.hr\/en\/wp-json\/wp\/v2\/media?parent=15087"}],"wp:term":[{"taxonomy":"kategorija-gradskog-vijeca","embeddable":true,"href":"https:\/\/kastela.hr\/en\/wp-json\/wp\/v2\/kategorija-gradskog-vijeca?post=15087"}],"curies":[{"name":"wp","href":"https:\/\/api.w.org\/{rel}","templated":true}]}}

54. Sjednica Gradskog vijeća (nastavak)

<p>REPUBLIKA HRVATSKA<br>SPLITSKO-DALMATINSKA ŽUPANIJA<br>GRAD KAŠTELA<br>GRADSKO VIJEĆE</p>



<p>KLASA: 021-05/13-01/0005<br>URBROJ: 2134/01-2-13- 2<br>K. Sućurac, 11. travnja 2013. g.</p>



<p>– Gradonačelniku<br>– Vijećnicima Gradskog vijeća</p>



<p>Predmet: Nastavak 54. sjednice Gradskog vijeća</p>



<p>– obavijest, se daje</p>



<p>Na temelju članka 87. Poslovnika Gradskog vijeća Grada Kaštela (“Službeni glasnik Grada Kaštela”, broj 9/09 i 7/10) obavještavam Vas da će se nastavak 54. sjednice Gradskog vijeća Grada Kaštela održati dana 16. travnja (utorak) 2013. g. u 16,00 sati u Gradskoj vijećnici prema utvrđenom Dnevnom redu te s prijedlogom za dopunu:</p>



<p>Prijedlog Zaključka o prihvaćanju Prijedloga Plana financijskog i operativnog restrukturiranja društva Konstruktor- inženjering d.d. za razdoblje 2013.-2017.g.<br>– Izvjestitelj: Josip Berket, Gradonačelnik.</p>



<p><strong>Preostale točke Dnevnog reda:</strong></p>



<p>13. Prijedlog Odluke o stavljanju izvan snage Odluke o premještanju nepravilno parkiranih vozila<br>Izvjestitelj: Stjepan Maglica, predlagatelj</p>



<p>14. Prijedlog Godišnjeg izvještaja o izvršenju Proračuna Grada Kaštela za 2012.g.</p>



<p>– Izvjestitelj: Anđelko Drnasin, pročelnik Upravnog odjela za financije, proračun, javnu nabavu i gospodarstvo</p>



<p>15. Izvješće o radu Gradonačelnika za razdoblje srpanj-prosinac 2012.godine</p>



<p>Izvjestitelj: Josip Berket, gradonačelnik</p>



<p>16. Prijedlog Odluke o izmjeni Odluke o osnivanju komunalnog trgovačkog društva Zeleno i modro d.o.o.</p>



<p>17. Prijedlog Odluke o organizaciji parkiranja</p>



<p>18. Prijedlog Odluke o izmjeni Odluke o osnivanju Vlastitog pogona za obavljanje komunalnih djelatnosti u gradu Kaštela</p>



<p>19. Prijedlog Odluke o komunalnim djelatnostima lokalnog značaja</p>



<p>– Izvjestitelj t. 16. do t. 19.: Ronald Rejo, pročelnik Upravnog odjela za urbanizam graditeljstvo,</p>



<p>zaštitu okoliša, imovinsko-pravne poslove, gospodarenje gradskom imovinom i komunalno gospodarstvo</p>



<p>20. Prijedlog Izmjena i dopuna Statuta Grada Kaštela</p>



<p>21. Prijedlog Izmjena i dopuna Poslovnika Gradskog vijeća Grada Kaštela</p>



<p>Izvjestiteljica t. 20. i t. 21. : Višnja Špika, tajnica Vijeća</p>



<p>22. Prijedlog Rješenja o izmjeni Rješenja o određivanju imena ulica i trgova na području naselja Kaštel Sućurac</p>



<p>– Izvjestitelj: Damir Roso, predsjednik Odbora za mjesnu samoupravu</p>



<p>23. Prijedlog Zaključka o Inicijativi za izdvajanje etno -eko sela Opor (Botić) iz Općine Prgomet i priključenje Gradu Kaštela</p>



<p>Izvjestitelj: Darko Varnica, predsjednik Vijeća</p>



<p>24. Davanje suglasnosti na Odluke o dodjeli prostora na korištenje bez naknade</p>



<p>a) Dom za djecu Maestral<br>b) Udrugu roditelja djece s posebnim potrebama “Naša dica”<br>c) Hrvatsku gorsku službu spašavanja Split<br>d) Hrvatski veslački klub “Marina Kaštela”<br>e) Društvo za očuvanje kulturne baštine “Bijaći”<br>f) Udrugu navijača Hajduka “Torcida Donja Kaštela”<br>g) Muzej Grada Kaštela<br>h) Udrugu roditelja i udovica poginulih branitelja Domovinskog rata grada Kaštela i Kaštelanske zagore</p>



<p>– Izvjestiteljica: Kasja Bedalov, savjetnica za imovinsko pravne poslove i gospodarenje gradskom imovinom</p>
